{"id":23430,"date":"2025-12-22T22:14:43","date_gmt":"2025-12-22T21:14:43","guid":{"rendered":"https:\/\/home-goods.cz\/?product=parksideaku-pasova-pila-pmba-20-li-a1-bez-akumulatoru-a-nabijecky"},"modified":"2025-12-22T22:14:46","modified_gmt":"2025-12-22T21:14:46","slug":"parksideaku-pasova-pila-pmba-20-li-a1-bez-akumulatoru-a-nabijecky","status":"publish","type":"product","link":"https:\/\/home-goods.cz\/produkt\/parksideaku-pasova-pila-pmba-20-li-a1-bez-akumulatoru-a-nabijecky\/","title":{"rendered":"PARKSIDE\u00ae\nAku p\u00e1sov\u00e1 pila PMBA 20-Li A1 \u2013 bez akumul\u00e1toru a nab\u00edje\u010dky"},"content":{"rendered":"<h3 style=\"font-family: LidlFontPro, sans-serif;font-size: 1rem;font-weight: 600;letter-spacing: normal;line-height: 1.25rem;margin: 0px 0px 0.5rem;font-style: normal;text-align: start;text-indent: 0px;text-transform: none;text-decoration: none\">PARKSIDE Aku p\u00e1sov\u00e1 pila PMBA 20-Li A1 \u2013&nbsp;bez akumul\u00e1toru a nab\u00edje\u010dky<\/h3>\n<div class=\"product-detail-container\" id=\"detailtab1\" style=\"font-size: 16px;font-weight: 400;font-family: LidlFontPro, sans-serif;font-style: normal;letter-spacing: normal;text-align: start;text-indent: 0px;text-transform: none;text-decoration: none\">\n<div class=\"r no-m\">\n<div class=\"c-2\" style=\"padding-right: 0.5rem\">\n<div class=\"space p-r p-tb\" style=\"padding-bottom: 0.5rem;padding-top: 0.5rem\"><b style=\"font-weight: 700;font-size: 1rem\">Popis<\/b><\/div>\n<\/div>\n<div class=\"c-8\">\n<div class=\"space p-tb\" style=\"padding-bottom: 0.5rem;padding-top: 0.5rem\">\n<ul style=\"margin-bottom: 0px;margin-top: 0px;padding-left: 1.5rem\">\n<li>Snadno ovladateln\u00e1, pln\u00e1 s\u00edly, kompaktn\u00ed \u2013 s p\u0159esn\u00fdmi v\u00fdsledky p\u0159i \u0159ez\u00e1n\u00ed<\/li>\n<li>Ide\u00e1ln\u00ed k \u0159ez\u00e1n\u00ed kovu, plastov\u00fdch trubek a hlin\u00edkov\u00fdch profil\u016f<\/li>\n<li>Vhodn\u00e1 tak\u00e9 pro li\u0161ty a ten\u010d\u00ed hranoly<\/li>\n<li>Regul\u00e1tor ot\u00e1\u010dek se 6 stupni<\/li>\n<li>Ergonomick\u00e9 dr\u017eadlo s m\u011bkk\u00fdm povrchem, jako\u017e i p\u0159\u00eddavn\u00e9 dr\u017eadlo<\/li>\n<li>Integrovan\u00e9 LED pracovn\u00ed sv\u011btlo<\/li>\n<li>Chod pilov\u00e9ho p\u00e1su bez vibrac\u00ed zaji\u0161\u0165uje p\u0159esn\u00e9 v\u00fdsledky<\/li>\n<li>Funkce m\u011bkk\u00e9ho startu a ochranou proti p\u0159et\u00ed\u017een\u00ed<\/li>\n<li>Praktick\u00fd kuf\u0159\u00edk na ulo\u017een\u00ed<\/li>\n<\/ul>\n<\/div>\n<\/div>\n<hr style=\"height: 0px;overflow: visible;border-width: 0.0625rem medium medium;border-style: solid none none;margin: 1rem 0px\">\n<div class=\"c-2\" style=\"padding-right: 0.5rem\">\n<div class=\"space p-r p-tb\" style=\"padding-bottom: 0.5rem;padding-top: 0.5rem\"><b style=\"font-weight: 700;font-size: 1rem\">Technick\u00e9 \u00fadaje<\/b><\/div>\n<\/div>\n<div class=\"c-8\">\n<div class=\"space p-tb\" style=\"padding-bottom: 0.5rem;padding-top: 0.5rem\">\n<ul style=\"margin-bottom: 0px;margin-top: 0px;padding-left: 1.5rem\">\n<li>Ot\u00e1\u010dky napr\u00e1zdno: 370\u2013670 min<sup style=\"font-size: 12px;line-height: 0;position: relative;vertical-align: baseline;top: -0.5em\">-1<\/sup><span class=\"Apple-converted-space\">&nbsp;<\/span>(6 stup\u0148\u016f)<\/li>\n<li>\u0158ezn\u00e1 rychlost: 1,5\u20132,7 m\/s<\/li>\n<li>Hloubka \u0159ezu: cca 63,5 mm<\/li>\n<li>Rozte\u010d zub\u016f: cca 16-17 TPI<\/li>\n<\/ul>\n<\/div>\n<\/div>\n<hr style=\"height: 0px;overflow: visible;border-width: 0.0625rem medium medium;border-style: solid none none;margin: 1rem 0px\">\n<div class=\"c-2\" style=\"padding-right: 0.5rem\">\n<div class=\"space p-r p-tb\" style=\"padding-bottom: 0.5rem;padding-top: 0.5rem\"><b style=\"font-weight: 700;font-size: 1rem\">Rozm\u011bry<\/b><\/div>\n<\/div>\n<div class=\"c-8\">\n<div class=\"space p-tb\" style=\"padding-bottom: 0.5rem;padding-top: 0.5rem\">\n<ul style=\"margin-bottom: 0px;margin-top: 0px;padding-left: 1.5rem\">\n<li>Pilov\u00fd list: cca 733,0 x 12,7 x 0,4 mm<\/li>\n<\/ul>\n<\/div>\n<\/div>\n<\/div>\n<\/div>\n","protected":false},"excerpt":{"rendered":"<p>PARKSIDE Aku p\u00e1sov\u00e1 pila PMBA 20-Li A1 \u2013&nbsp;bez akumul\u00e1toru a nab\u00edje\u010dky Popis Snadno ovladateln\u00e1, pln\u00e1 s\u00edly, kompaktn\u00ed \u2013 s p\u0159esn\u00fdmi [&hellip;]<\/p>\n","protected":false},"featured_media":23424,"comment_status":"open","ping_status":"closed","template":"","meta":{"_uag_custom_page_level_css":"","site-sidebar-layout":"default","site-content-layout":"","ast-site-content-layout":"","site-content-style":"default","site-sidebar-style":"default","ast-global-header-display":"","ast-banner-title-visibility":"","ast-main-header-display":"","ast-hfb-above-header-display":"","ast-hfb-below-header-display":"","ast-hfb-mobile-header-display":"","site-post-title":"","ast-breadcrumbs-content":"","ast-featured-img":"","footer-sml-layout":"","theme-transparent-header-meta":"","adv-header-id-meta":"","stick-header-meta":"","header-above-stick-meta":"","header-main-stick-meta":"","header-below-stick-meta":"","astra-migrate-meta-layouts":"default","ast-page-background-enabled":"default","ast-page-background-meta":{"desktop":{"background-color":"var(--ast-global-color-4)","background-image":"","background-repeat":"repeat","background-position":"center center","background-size":"auto","background-attachment":"scroll","background-type":"","background-media":"","overlay-type":"","overlay-color":"","overlay-opacity":"","overlay-gradient":""},"tablet":{"background-color":"","background-image":"","background-repeat":"repeat","background-position":"center center","background-size":"auto","background-attachment":"scroll","background-type":"","background-media":"","overlay-type":"","overlay-color":"","overlay-opacity":"","overlay-gradient":""},"mobile":{"background-color":"","background-image":"","background-repeat":"repeat","background-position":"center center","background-size":"auto","background-attachment":"scroll","background-type":"","background-media":"","overlay-type":"","overlay-color":"","overlay-opacity":"","overlay-gradient":""}},"ast-content-background-meta":{"desktop":{"background-color":"var(--ast-global-color-5)","background-image":"","background-repeat":"repeat","background-position":"center center","background-size":"auto","background-attachment":"scroll","background-type":"","background-media":"","overlay-type":"","overlay-color":"","overlay-opacity":"","overlay-gradient":""},"tablet":{"background-color":"var(--ast-global-color-5)","background-image":"","background-repeat":"repeat","background-position":"center center","background-size":"auto","background-attachment":"scroll","background-type":"","background-media":"","overlay-type":"","overlay-color":"","overlay-opacity":"","overlay-gradient":""},"mobile":{"background-color":"var(--ast-global-color-5)","background-image":"","background-repeat":"repeat","background-position":"center center","background-size":"auto","background-attachment":"scroll","background-type":"","background-media":"","overlay-type":"","overlay-color":"","overlay-opacity":"","overlay-gradient":""}}},"product_brand":[],"product_cat":[100],"product_tag":[],"class_list":{"0":"post-23430","1":"product","2":"type-product","3":"status-publish","4":"has-post-thumbnail","6":"product_cat-dilna","7":"desktop-align-left","8":"tablet-align-left","9":"mobile-align-left","11":"first","12":"instock","13":"sale","14":"shipping-taxable","15":"purchasable","16":"product-type-simple"},"uagb_featured_image_src":{"full":["https:\/\/home-goods.cz\/wp-content\/uploads\/2025\/12\/img_9158.jpeg",1500,1125,false],"thumbnail":["https:\/\/home-goods.cz\/wp-content\/uploads\/2025\/12\/img_9158-150x150.jpeg",150,150,true],"medium":["https:\/\/home-goods.cz\/wp-content\/uploads\/2025\/12\/img_9158-400x300.jpeg",400,300,true],"medium_large":["https:\/\/home-goods.cz\/wp-content\/uploads\/2025\/12\/img_9158-768x576.jpeg",768,576,true],"large":["https:\/\/home-goods.cz\/wp-content\/uploads\/2025\/12\/img_9158-1067x800.jpeg",1067,800,true],"1536x1536":["https:\/\/home-goods.cz\/wp-content\/uploads\/2025\/12\/img_9158.jpeg",1500,1125,false],"2048x2048":["https:\/\/home-goods.cz\/wp-content\/uploads\/2025\/12\/img_9158.jpeg",1500,1125,false],"woocommerce_thumbnail":["https:\/\/home-goods.cz\/wp-content\/uploads\/2025\/12\/img_9158-600x450.jpeg",600,450,true],"woocommerce_single":["https:\/\/home-goods.cz\/wp-content\/uploads\/2025\/12\/img_9158-700x525.jpeg",700,525,true],"woocommerce_gallery_thumbnail":["https:\/\/home-goods.cz\/wp-content\/uploads\/2025\/12\/img_9158-100x100.jpeg",100,100,true]},"uagb_author_info":{"display_name":"Nahorniuk Vladyslav","author_link":"https:\/\/home-goods.cz\/author\/"},"uagb_comment_info":0,"uagb_excerpt":"PARKSIDE Aku p\u00e1sov\u00e1 pila PMBA 20-Li A1 \u2013&nbsp;bez akumul\u00e1toru a nab\u00edje\u010dky Popis Snadno ovladateln\u00e1, pln\u00e1 s\u00edly, kompaktn\u00ed \u2013 s p\u0159esn\u00fdmi [&hellip;]","_links":{"self":[{"href":"https:\/\/home-goods.cz\/wp-json\/wp\/v2\/product\/23430","targetHints":{"allow":["GET"]}}],"collection":[{"href":"https:\/\/home-goods.cz\/wp-json\/wp\/v2\/product"}],"about":[{"href":"https:\/\/home-goods.cz\/wp-json\/wp\/v2\/types\/product"}],"replies":[{"embeddable":true,"href":"https:\/\/home-goods.cz\/wp-json\/wp\/v2\/comments?post=23430"}],"wp:featuredmedia":[{"embeddable":true,"href":"https:\/\/home-goods.cz\/wp-json\/wp\/v2\/media\/23424"}],"wp:attachment":[{"href":"https:\/\/home-goods.cz\/wp-json\/wp\/v2\/media?parent=23430"}],"wp:term":[{"taxonomy":"product_brand","embeddable":true,"href":"https:\/\/home-goods.cz\/wp-json\/wp\/v2\/product_brand?post=23430"},{"taxonomy":"product_cat","embeddable":true,"href":"https:\/\/home-goods.cz\/wp-json\/wp\/v2\/product_cat?post=23430"},{"taxonomy":"product_tag","embeddable":true,"href":"https:\/\/home-goods.cz\/wp-json\/wp\/v2\/product_tag?post=23430"}],"curies":[{"name":"wp","href":"https:\/\/api.w.org\/{rel}","templated":true}]}}