{"id":21531,"date":"2025-07-05T16:14:00","date_gmt":"2025-07-05T14:14:00","guid":{"rendered":"https:\/\/home-goods.cz\/?post_type=product&#038;p=21531"},"modified":"2025-12-22T00:38:30","modified_gmt":"2025-12-21T23:38:30","slug":"parkside-sada-pneumatickeho-prislusenstvi-pdss-13-d4","status":"publish","type":"product","link":"https:\/\/home-goods.cz\/produkt\/parkside-sada-pneumatickeho-prislusenstvi-pdss-13-d4\/","title":{"rendered":"PARKSIDE\u00ae Sada pneumatick\u00e9ho p\u0159\u00edslu\u0161enstv\u00ed PDSS 13 D4"},"content":{"rendered":"<h3>PARKSIDE\u00ae Sada pneumatick\u00e9ho p\u0159\u00edslu\u0161enstv\u00ed PDSS 13 D4<\/h3>\n<div id=\"detailtab1\" class=\"product-detail-container\">\n<div class=\"r no-m\">\n<div class=\"c-2\">\n<div class=\"space p-r p-tb\"><b>Popis<\/b><\/div>\n<\/div>\n<div class=\"c-8\">\n<div class=\"space p-tb\">\n<ul>\n<li>Univerz\u00e1ln\u011b pou\u017eiteln\u00e1 na j\u00edzdn\u00ed kola, nafukovac\u00ed matrace, m\u00ed\u010de atd.<\/li>\n<li>Vzduchov\u00e1 pistole s 5 tryskami, z toho 2 prodlu\u017eovac\u00ed trysky<\/li>\n<li>Plnic\u00ed pistole s odvzdu\u0161\u0148ovac\u00edm ventilem a manometrem<\/li>\n<li>Hadice s ventilovou z\u00e1str\u010dkou a r\u016fzn\u00fdmi adapt\u00e9ry<\/li>\n<li>Vhodn\u00e1 pro v\u0161echny b\u011b\u017en\u00e9 kompresory<\/li>\n<li>Nevhodn\u00e1 k hu\u0161t\u011bn\u00ed pneumatik motorov\u00fdch vozidel<\/li>\n<li>Obsah balen\u00ed:\n<ul>\n<li>1x vzduchov\u00e1 pistole a 5 trysek<\/li>\n<li>1x plnic\u00ed pistole s ventilovou nasazovac\u00ed hadic\u00ed<\/li>\n<li>7x adapt\u00e9r s adapt\u00e9rov\u00fdm n\u00e1stavcem<\/li>\n<\/ul>\n<\/li>\n<li>Nevhodn\u00e1 k hu\u0161t\u011bn\u00ed pneumatik motorov\u00fdch vozidel<\/li>\n<li>12d\u00edln\u00e1 sada<\/li>\n<\/ul>\n<\/div>\n<\/div>\n<hr \/>\n<div class=\"c-2\">\n<div class=\"space p-r p-tb\"><b>Technick\u00e9 \u00fadaje<\/b><\/div>\n<\/div>\n<div class=\"c-8\">\n<div class=\"space p-tb\">\n<ul>\n<li>Max. pracovn\u00ed tlak: 8 bar<\/li>\n<\/ul>\n<\/div>\n<\/div>\n<hr \/>\n<div class=\"c-2\">\n<div class=\"space p-r p-tb\"><b>Rozm\u011bry<\/b><\/div>\n<\/div>\n<div class=\"c-8\">\n<div class=\"space p-tb\">\n<ul>\n<li>Vzduchov\u00e1 pistole: cca 24 x 8,5 x 3,2 cm<\/li>\n<li>D\u00e9lka hadice: cca 42 cm<\/li>\n<li>Plnic\u00ed pistole: cca 14,8 x 7,0 x 2,05 cm<\/li>\n<\/ul>\n<\/div>\n<\/div>\n<hr \/>\n<div class=\"c-2\">\n<div class=\"space p-r p-tb\"><b>Hmotnost<\/b><\/div>\n<\/div>\n<div class=\"c-8\">\n<div class=\"space p-tb\">\n<ul>\n<li>Vzduchov\u00e1 pistole: cca 289 g<\/li>\n<li>Plnic\u00ed pistole: cca 110 g<\/li>\n<\/ul>\n<\/div>\n<\/div>\n<\/div>\n<\/div>\n","protected":false},"excerpt":{"rendered":"<p>PARKSIDE\u00ae Sada pneumatick\u00e9ho p\u0159\u00edslu\u0161enstv\u00ed PDSS 13 D4 Popis Univerz\u00e1ln\u011b pou\u017eiteln\u00e1 na j\u00edzdn\u00ed kola, nafukovac\u00ed matrace, m\u00ed\u010de atd. Vzduchov\u00e1 pistole s [&hellip;]<\/p>\n","protected":false},"featured_media":21532,"comment_status":"open","ping_status":"closed","template":"","meta":{"_uag_custom_page_level_css":"","site-sidebar-layout":"default","site-content-layout":"","ast-site-content-layout":"","site-content-style":"default","site-sidebar-style":"default","ast-global-header-display":"","ast-banner-title-visibility":"","ast-main-header-display":"","ast-hfb-above-header-display":"","ast-hfb-below-header-display":"","ast-hfb-mobile-header-display":"","site-post-title":"","ast-breadcrumbs-content":"","ast-featured-img":"","footer-sml-layout":"","theme-transparent-header-meta":"","adv-header-id-meta":"","stick-header-meta":"","header-above-stick-meta":"","header-main-stick-meta":"","header-below-stick-meta":"","astra-migrate-meta-layouts":"default","ast-page-background-enabled":"default","ast-page-background-meta":{"desktop":{"background-color":"var(--ast-global-color-4)","background-image":"","background-repeat":"repeat","background-position":"center center","background-size":"auto","background-attachment":"scroll","background-type":"","background-media":"","overlay-type":"","overlay-color":"","overlay-opacity":"","overlay-gradient":""},"tablet":{"background-color":"","background-image":"","background-repeat":"repeat","background-position":"center center","background-size":"auto","background-attachment":"scroll","background-type":"","background-media":"","overlay-type":"","overlay-color":"","overlay-opacity":"","overlay-gradient":""},"mobile":{"background-color":"","background-image":"","background-repeat":"repeat","background-position":"center center","background-size":"auto","background-attachment":"scroll","background-type":"","background-media":"","overlay-type":"","overlay-color":"","overlay-opacity":"","overlay-gradient":""}},"ast-content-background-meta":{"desktop":{"background-color":"var(--ast-global-color-5)","background-image":"","background-repeat":"repeat","background-position":"center center","background-size":"auto","background-attachment":"scroll","background-type":"","background-media":"","overlay-type":"","overlay-color":"","overlay-opacity":"","overlay-gradient":""},"tablet":{"background-color":"var(--ast-global-color-5)","background-image":"","background-repeat":"repeat","background-position":"center center","background-size":"auto","background-attachment":"scroll","background-type":"","background-media":"","overlay-type":"","overlay-color":"","overlay-opacity":"","overlay-gradient":""},"mobile":{"background-color":"var(--ast-global-color-5)","background-image":"","background-repeat":"repeat","background-position":"center center","background-size":"auto","background-attachment":"scroll","background-type":"","background-media":"","overlay-type":"","overlay-color":"","overlay-opacity":"","overlay-gradient":""}}},"product_brand":[],"product_cat":[82,20,79],"product_tag":[],"class_list":{"0":"post-21531","1":"product","2":"type-product","3":"status-publish","4":"has-post-thumbnail","6":"product_cat-auto-moto","7":"product_cat-accessories","8":"product_cat-sport-a-hobby","9":"desktop-align-left","10":"tablet-align-left","11":"mobile-align-left","13":"first","14":"outofstock","15":"shipping-taxable","16":"product-type-simple"},"uagb_featured_image_src":{"full":["https:\/\/home-goods.cz\/wp-content\/uploads\/2025\/07\/gcpd93c0a2a296a4f6b927cc9ecc7d44b3d.webp",1500,1125,false],"thumbnail":["https:\/\/home-goods.cz\/wp-content\/uploads\/2025\/07\/gcpd93c0a2a296a4f6b927cc9ecc7d44b3d-150x150.webp",150,150,true],"medium":["https:\/\/home-goods.cz\/wp-content\/uploads\/2025\/07\/gcpd93c0a2a296a4f6b927cc9ecc7d44b3d-400x300.webp",400,300,true],"medium_large":["https:\/\/home-goods.cz\/wp-content\/uploads\/2025\/07\/gcpd93c0a2a296a4f6b927cc9ecc7d44b3d-768x576.webp",768,576,true],"large":["https:\/\/home-goods.cz\/wp-content\/uploads\/2025\/07\/gcpd93c0a2a296a4f6b927cc9ecc7d44b3d-1067x800.webp",1067,800,true],"1536x1536":["https:\/\/home-goods.cz\/wp-content\/uploads\/2025\/07\/gcpd93c0a2a296a4f6b927cc9ecc7d44b3d.webp",1500,1125,false],"2048x2048":["https:\/\/home-goods.cz\/wp-content\/uploads\/2025\/07\/gcpd93c0a2a296a4f6b927cc9ecc7d44b3d.webp",1500,1125,false],"woocommerce_thumbnail":["https:\/\/home-goods.cz\/wp-content\/uploads\/2025\/07\/gcpd93c0a2a296a4f6b927cc9ecc7d44b3d-600x450.webp",600,450,true],"woocommerce_single":["https:\/\/home-goods.cz\/wp-content\/uploads\/2025\/07\/gcpd93c0a2a296a4f6b927cc9ecc7d44b3d-700x525.webp",700,525,true],"woocommerce_gallery_thumbnail":["https:\/\/home-goods.cz\/wp-content\/uploads\/2025\/07\/gcpd93c0a2a296a4f6b927cc9ecc7d44b3d-100x100.webp",100,100,true]},"uagb_author_info":{"display_name":"Nahorniuk Vladyslav","author_link":"https:\/\/home-goods.cz\/author\/"},"uagb_comment_info":0,"uagb_excerpt":"PARKSIDE\u00ae Sada pneumatick\u00e9ho p\u0159\u00edslu\u0161enstv\u00ed PDSS 13 D4 Popis Univerz\u00e1ln\u011b pou\u017eiteln\u00e1 na j\u00edzdn\u00ed kola, nafukovac\u00ed matrace, m\u00ed\u010de atd. Vzduchov\u00e1 pistole s [&hellip;]","_links":{"self":[{"href":"https:\/\/home-goods.cz\/wp-json\/wp\/v2\/product\/21531","targetHints":{"allow":["GET"]}}],"collection":[{"href":"https:\/\/home-goods.cz\/wp-json\/wp\/v2\/product"}],"about":[{"href":"https:\/\/home-goods.cz\/wp-json\/wp\/v2\/types\/product"}],"replies":[{"embeddable":true,"href":"https:\/\/home-goods.cz\/wp-json\/wp\/v2\/comments?post=21531"}],"wp:featuredmedia":[{"embeddable":true,"href":"https:\/\/home-goods.cz\/wp-json\/wp\/v2\/media\/21532"}],"wp:attachment":[{"href":"https:\/\/home-goods.cz\/wp-json\/wp\/v2\/media?parent=21531"}],"wp:term":[{"taxonomy":"product_brand","embeddable":true,"href":"https:\/\/home-goods.cz\/wp-json\/wp\/v2\/product_brand?post=21531"},{"taxonomy":"product_cat","embeddable":true,"href":"https:\/\/home-goods.cz\/wp-json\/wp\/v2\/product_cat?post=21531"},{"taxonomy":"product_tag","embeddable":true,"href":"https:\/\/home-goods.cz\/wp-json\/wp\/v2\/product_tag?post=21531"}],"curies":[{"name":"wp","href":"https:\/\/api.w.org\/{rel}","templated":true}]}}