{"id":20947,"date":"2025-05-29T20:01:00","date_gmt":"2025-05-29T18:01:00","guid":{"rendered":"https:\/\/home-goods.cz\/?product=livarno-homenastenne-led-svitidlo"},"modified":"2025-05-29T20:01:03","modified_gmt":"2025-05-29T18:01:03","slug":"livarno-homenastenne-led-svitidlo","status":"publish","type":"product","link":"https:\/\/home-goods.cz\/produkt\/livarno-homenastenne-led-svitidlo\/","title":{"rendered":"LIVARNO home\nN\u00e1st\u011bnn\u00e9 LED sv\u00edtidlo"},"content":{"rendered":"<h2 style=\"font-family: LidlFontPro, sans-serif;font-size: 1rem;font-weight: 600;letter-spacing: normal;line-height: 1.25rem;margin: 0px 0px 1rem;font-style: normal;text-align: start;text-indent: 0px;text-transform: none;text-decoration: none\">LIVARNO home N\u00e1st\u011bnn\u00e9 \/ Stropn\u00ed LED sv\u00edtidlo<\/h2>\n<div class=\"product-detail-container\" id=\"detailtab1\" style=\"font-size: 16px;font-weight: 400;font-family: LidlFontPro, sans-serif;font-style: normal;letter-spacing: normal;text-align: start;text-indent: 0px;text-transform: none;text-decoration: none\">\n<div class=\"r no-m\">\n<div class=\"c-2\" style=\"padding-right: 0.5rem\">\n<div class=\"space p-r p-tb\" style=\"padding-bottom: 0.5rem;padding-top: 0.5rem\"><b style=\"font-weight: 700;font-size: 1rem\">Popis<\/b><\/div>\n<\/div>\n<div class=\"c-8\">\n<div class=\"space p-tb\" style=\"padding-bottom: 0.5rem;padding-top: 0.5rem\">\n<ul style=\"margin-bottom: 0px;margin-top: 0px;padding-left: 1.5rem\">\n<li>P\u0159\u00edjemn\u00e9, neosl\u0148uj\u00edc\u00ed osv\u011btlen\u00ed<\/li>\n<li>\u00dasporn\u00e9 LED moduly s tepl\u00fdm b\u00edl\u00fdm sv\u011btlem<\/li>\n<li>Stm\u00edvateln\u00e9 ve 3 stupn\u00edch intenzity osv\u011btlen\u00ed prost\u0159ednictv\u00edm n\u00e1st\u011bnn\u00e9ho vyp\u00edna\u010de<\/li>\n<li>Vhodn\u00e9 pro mont\u00e1\u017e na st\u011bnu a strop v interi\u00e9ru<\/li>\n<li>Kryt z matn\u00e9ho kovu<\/li>\n<li>V\u010detn\u011b mont\u00e1\u017en\u00edho materi\u00e1lu a n\u00e1vodu<\/li>\n<\/ul>\n<\/div>\n<\/div>\n<hr style=\"height: 0px;overflow: visible;border-width: 0.0625rem medium medium;border-style: solid none none;margin: 1rem 0px\">\n<div class=\"c-2\" style=\"padding-right: 0.5rem\">\n<div class=\"space p-r p-tb\" style=\"padding-bottom: 0.5rem;padding-top: 0.5rem\"><b style=\"font-weight: 700;font-size: 1rem\">Technick\u00e9 \u00fadaje<\/b><\/div>\n<\/div>\n<div class=\"c-8\">\n<div class=\"space p-tb\" style=\"padding-bottom: 0.5rem;padding-top: 0.5rem\">\n<ul style=\"margin-bottom: 1rem;margin-top: 0px;padding-left: 1.5rem\">\n<li>Teplota sv\u011btla: 3 000 K (Tepl\u00e1 b\u00edl\u00e1)<\/li>\n<\/ul>\n<p style=\"margin: 0px 0px 0.5rem;font-size: 1.125rem;line-height: 1\">&nbsp;<\/p>\n<p style=\"margin: 0px 0px 0.5rem;font-size: 1.125rem;line-height: 1\">Hranat\u00fd tvar varianta<\/p>\n<ul style=\"margin-bottom: 1rem;margin-top: 0px;padding-left: 1.5rem\">\n<li>P\u0159\u00edkon: 19 W<\/li>\n<li>Sv\u011bteln\u00fd tok: 1 800 lm<\/li>\n<\/ul>\n<p style=\"margin: 0px 0px 0.5rem;font-size: 1.125rem;line-height: 1\">&nbsp;<\/p>\n<p style=\"margin: 0px 0px 0.5rem;font-size: 1.125rem;line-height: 1\">Kulat\u00fd tvar varianta<\/p>\n<ul style=\"margin-bottom: 1rem;margin-top: 0px;padding-left: 1.5rem\">\n<li>P\u0159\u00edkon: 23,5 W<\/li>\n<li>Sv\u011bteln\u00fd tok: 2 800 lm<\/li>\n<\/ul>\n<p style=\"margin: 0px 0px 0.5rem;font-size: 1.125rem;line-height: 1\">&nbsp;<\/p>\n<p style=\"margin: 0px 0px 0.5rem;font-size: 1.125rem;line-height: 1\">Obdeln\u00edkov\u00e1 varianta<\/p>\n<ul style=\"margin-bottom: 0px;margin-top: 0px;padding-left: 1.5rem\">\n<li>P\u0159\u00edkon: 19 W<\/li>\n<li>Sv\u011bteln\u00fd tok: 2 200 lm<\/li>\n<\/ul>\n<\/div>\n<\/div>\n<hr style=\"height: 0px;overflow: visible;border-width: 0.0625rem medium medium;border-style: solid none none;margin: 1rem 0px\">\n<div class=\"c-2\" style=\"padding-right: 0.5rem\">\n<div class=\"space p-r p-tb\" style=\"padding-bottom: 0.5rem;padding-top: 0.5rem\"><b style=\"font-weight: 700;font-size: 1rem\">Rozm\u011bry<\/b><\/div>\n<\/div>\n<div class=\"c-8\">\n<div class=\"space p-tb\" style=\"padding-bottom: 0.5rem;padding-top: 0.5rem\">\n<ul style=\"margin-bottom: 0px;margin-top: 0px;padding-left: 1.5rem\">\n<li>Hranat\u00fd tvar varianta:&nbsp;cca 62 x 36,8 x 7,3 cm&nbsp;(D x \u0160 x V)<\/li>\n<li>Kulat\u00fd tvar varianta:&nbsp;cca 52 x 40 x 7 cm&nbsp;(D x \u0160 x V)<\/li>\n<li>Obdeln\u00edkov\u00e1 varianta:&nbsp;cca 110 x 10 x 5 cm&nbsp;(D x \u0160 x V)<\/li>\n<\/ul>\n<\/div>\n<\/div>\n<hr style=\"height: 0px;overflow: visible;border-width: 0.0625rem medium medium;border-style: solid none none;margin: 1rem 0px\">\n<div class=\"c-2\" style=\"padding-right: 0.5rem\">\n<div class=\"space p-r p-tb\" style=\"padding-bottom: 0.5rem;padding-top: 0.5rem\"><b style=\"font-weight: 700;font-size: 1rem\">Hmotnost<\/b><\/div>\n<\/div>\n<div class=\"c-8\">\n<div class=\"space p-tb\" style=\"padding-bottom: 0.5rem;padding-top: 0.5rem\">\n<ul style=\"margin-bottom: 0px;margin-top: 0px;padding-left: 1.5rem\">\n<li>Hranat\u00fd tvar varianta:&nbsp;cca 770 g<\/li>\n<li>Kulat\u00fd tvar varianta:&nbsp;cca 1 300 g<\/li>\n<li>Obdeln\u00edkov\u00e1 varianta:&nbsp;cca 650 g<\/li>\n<\/ul>\n<\/div>\n<\/div>\n<\/div>\n<\/div>\n","protected":false},"excerpt":{"rendered":"<p>LIVARNO home N\u00e1st\u011bnn\u00e9 \/ Stropn\u00ed LED sv\u00edtidlo Popis P\u0159\u00edjemn\u00e9, neosl\u0148uj\u00edc\u00ed osv\u011btlen\u00ed \u00dasporn\u00e9 LED moduly s tepl\u00fdm b\u00edl\u00fdm sv\u011btlem Stm\u00edvateln\u00e9 ve [&hellip;]<\/p>\n","protected":false},"featured_media":20941,"comment_status":"open","ping_status":"closed","template":"","meta":{"_uag_custom_page_level_css":"","site-sidebar-layout":"default","site-content-layout":"","ast-site-content-layout":"","site-content-style":"default","site-sidebar-style":"default","ast-global-header-display":"","ast-banner-title-visibility":"","ast-main-header-display":"","ast-hfb-above-header-display":"","ast-hfb-below-header-display":"","ast-hfb-mobile-header-display":"","site-post-title":"","ast-breadcrumbs-content":"","ast-featured-img":"","footer-sml-layout":"","theme-transparent-header-meta":"","adv-header-id-meta":"","stick-header-meta":"","header-above-stick-meta":"","header-main-stick-meta":"","header-below-stick-meta":"","astra-migrate-meta-layouts":"default","ast-page-background-enabled":"default","ast-page-background-meta":{"desktop":{"background-color":"var(--ast-global-color-4)","background-image":"","background-repeat":"repeat","background-position":"center center","background-size":"auto","background-attachment":"scroll","background-type":"","background-media":"","overlay-type":"","overlay-color":"","overlay-opacity":"","overlay-gradient":""},"tablet":{"background-color":"","background-image":"","background-repeat":"repeat","background-position":"center center","background-size":"auto","background-attachment":"scroll","background-type":"","background-media":"","overlay-type":"","overlay-color":"","overlay-opacity":"","overlay-gradient":""},"mobile":{"background-color":"","background-image":"","background-repeat":"repeat","background-position":"center center","background-size":"auto","background-attachment":"scroll","background-type":"","background-media":"","overlay-type":"","overlay-color":"","overlay-opacity":"","overlay-gradient":""}},"ast-content-background-meta":{"desktop":{"background-color":"var(--ast-global-color-5)","background-image":"","background-repeat":"repeat","background-position":"center center","background-size":"auto","background-attachment":"scroll","background-type":"","background-media":"","overlay-type":"","overlay-color":"","overlay-opacity":"","overlay-gradient":""},"tablet":{"background-color":"var(--ast-global-color-5)","background-image":"","background-repeat":"repeat","background-position":"center center","background-size":"auto","background-attachment":"scroll","background-type":"","background-media":"","overlay-type":"","overlay-color":"","overlay-opacity":"","overlay-gradient":""},"mobile":{"background-color":"var(--ast-global-color-5)","background-image":"","background-repeat":"repeat","background-position":"center center","background-size":"auto","background-attachment":"scroll","background-type":"","background-media":"","overlay-type":"","overlay-color":"","overlay-opacity":"","overlay-gradient":""}}},"product_brand":[],"product_cat":[78],"product_tag":[],"class_list":{"0":"post-20947","1":"product","2":"type-product","3":"status-publish","4":"has-post-thumbnail","6":"product_cat-domaci-technika","7":"desktop-align-left","8":"tablet-align-left","9":"mobile-align-left","11":"first","12":"instock","13":"sale","14":"shipping-taxable","15":"purchasable","16":"product-type-simple"},"uagb_featured_image_src":{"full":["https:\/\/home-goods.cz\/wp-content\/uploads\/2025\/05\/img_0919.png",1500,1125,false],"thumbnail":["https:\/\/home-goods.cz\/wp-content\/uploads\/2025\/05\/img_0919-150x150.png",150,150,true],"medium":["https:\/\/home-goods.cz\/wp-content\/uploads\/2025\/05\/img_0919-400x300.png",400,300,true],"medium_large":["https:\/\/home-goods.cz\/wp-content\/uploads\/2025\/05\/img_0919-768x576.png",768,576,true],"large":["https:\/\/home-goods.cz\/wp-content\/uploads\/2025\/05\/img_0919-1067x800.png",1067,800,true],"1536x1536":["https:\/\/home-goods.cz\/wp-content\/uploads\/2025\/05\/img_0919.png",1500,1125,false],"2048x2048":["https:\/\/home-goods.cz\/wp-content\/uploads\/2025\/05\/img_0919.png",1500,1125,false],"woocommerce_thumbnail":["https:\/\/home-goods.cz\/wp-content\/uploads\/2025\/05\/img_0919-600x450.png",600,450,true],"woocommerce_single":["https:\/\/home-goods.cz\/wp-content\/uploads\/2025\/05\/img_0919-700x525.png",700,525,true],"woocommerce_gallery_thumbnail":["https:\/\/home-goods.cz\/wp-content\/uploads\/2025\/05\/img_0919-100x100.png",100,100,true]},"uagb_author_info":{"display_name":"Nahorniuk Vladyslav","author_link":"https:\/\/home-goods.cz\/author\/"},"uagb_comment_info":0,"uagb_excerpt":"LIVARNO home N\u00e1st\u011bnn\u00e9 \/ Stropn\u00ed LED sv\u00edtidlo Popis P\u0159\u00edjemn\u00e9, neosl\u0148uj\u00edc\u00ed osv\u011btlen\u00ed \u00dasporn\u00e9 LED moduly s tepl\u00fdm b\u00edl\u00fdm sv\u011btlem Stm\u00edvateln\u00e9 ve [&hellip;]","_links":{"self":[{"href":"https:\/\/home-goods.cz\/wp-json\/wp\/v2\/product\/20947","targetHints":{"allow":["GET"]}}],"collection":[{"href":"https:\/\/home-goods.cz\/wp-json\/wp\/v2\/product"}],"about":[{"href":"https:\/\/home-goods.cz\/wp-json\/wp\/v2\/types\/product"}],"replies":[{"embeddable":true,"href":"https:\/\/home-goods.cz\/wp-json\/wp\/v2\/comments?post=20947"}],"wp:featuredmedia":[{"embeddable":true,"href":"https:\/\/home-goods.cz\/wp-json\/wp\/v2\/media\/20941"}],"wp:attachment":[{"href":"https:\/\/home-goods.cz\/wp-json\/wp\/v2\/media?parent=20947"}],"wp:term":[{"taxonomy":"product_brand","embeddable":true,"href":"https:\/\/home-goods.cz\/wp-json\/wp\/v2\/product_brand?post=20947"},{"taxonomy":"product_cat","embeddable":true,"href":"https:\/\/home-goods.cz\/wp-json\/wp\/v2\/product_cat?post=20947"},{"taxonomy":"product_tag","embeddable":true,"href":"https:\/\/home-goods.cz\/wp-json\/wp\/v2\/product_tag?post=20947"}],"curies":[{"name":"wp","href":"https:\/\/api.w.org\/{rel}","templated":true}]}}