{"id":19582,"date":"2025-03-25T18:31:25","date_gmt":"2025-03-25T17:31:25","guid":{"rendered":"https:\/\/home-goods.cz\/?product=parkside-zavlazovaci-zarizeni"},"modified":"2025-06-06T21:19:08","modified_gmt":"2025-06-06T19:19:08","slug":"parkside-zavlazovaci-zarizeni","status":"publish","type":"product","link":"https:\/\/home-goods.cz\/produkt\/parkside-zavlazovaci-zarizeni\/","title":{"rendered":"PARKSIDE\u00ae Zavla\u017eovac\u00ed hodiny"},"content":{"rendered":"<h2 style=\"margin: 0px 0px 1rem;font-family: LidlFontPro, sans-serif;font-size: 1rem;font-weight: 600;letter-spacing: normal;line-height: 1.25rem;font-style: normal;text-align: start;text-indent: 0px;text-transform: none;text-decoration: none\">PARKSIDE\u00ae Zavla\u017eovac\u00ed za\u0159\u00edzen\u00ed<\/h2>\n<div class=\"product-detail-container\" id=\"detailtab1\" style=\"font-family: LidlFontPro, sans-serif;font-size: 14px;font-style: normal;font-weight: 500;letter-spacing: normal;text-align: start;text-indent: 0px;text-transform: none;text-decoration: none\">\n<div class=\"r no-m\">\n<div class=\"c-2\">\n<div class=\"space p-r p-tb\"><b style=\"font-weight: bolder\">Popis<\/b><\/div>\n<\/div>\n<div class=\"c-8\">\n<div class=\"space p-tb\">\n<p style=\"margin: 0px 0px 0.5rem\"><strong style=\"font-weight: 700\">2cestn\u00fd rozd\u011blova\u010d<\/strong><\/p>\n<ul style=\"margin-bottom: 1rem;margin-top: 0px\">\n<li>Individu\u00e1ln\u011b, na sob\u011b nez\u00e1visl\u00e9 regulovateln\u00e9 proud\u011bn\u00ed vody<\/li>\n<li>2 spojky s plynule nastaviteln\u00fdmi v\u00fdstupy<\/li>\n<li>Odoln\u00fd proti vliv\u016fm po\u010das\u00ed a UV z\u00e1\u0159en\u00ed<\/li>\n<li>V\u010detn\u011b p\u0159\u00edpojky na vodovodn\u00ed kohoutek se z\u00e1vitem 33,3 a 26,5 mm (G 1\u2033, G \u00be\u2033)<\/li>\n<\/ul>\n<p style=\"margin: 0px 0px 0.5rem\">&nbsp;<\/p>\n<p style=\"margin: 0px 0px 0.5rem\"><strong style=\"font-weight: 700\">Zavla\u017eovac\u00ed hodiny<\/strong><\/p>\n<ul style=\"margin-bottom: 1rem;margin-top: 0px\">\n<li>Automatick\u00e9 a spolehliv\u00e9 zavla\u017eov\u00e1n\u00ed bez elektrick\u00e9ho nap\u00e1jen\u00ed<\/li>\n<li>Individu\u00e1ln\u011b nastaviteln\u00e1 doba zavla\u017eov\u00e1n\u00ed od 5 do 120 minut<\/li>\n<li>Odoln\u00fd proti vliv\u016fm po\u010das\u00ed a UV z\u00e1\u0159en\u00ed<\/li>\n<li>V\u010detn\u011b p\u0159\u00edpojky na vodovodn\u00ed kohoutek se z\u00e1vitem 33,3 a 26,5 mm (G 1\u2033, G \u00be\u2033)<\/li>\n<\/ul>\n<p style=\"margin: 0px 0px 0.5rem\">&nbsp;<\/p>\n<p style=\"margin: 0px 0px 0.5rem\"><strong style=\"font-weight: 700\">Pr\u016ftokom\u011br<\/strong><\/p>\n<ul style=\"margin-bottom: 1rem;margin-top: 0px\">\n<li>Na ekologick\u00e9, kontrolovan\u00e9 zavla\u017eov\u00e1n\u00ed zahrady<\/li>\n<li>P\u0159ehledn\u00fd LC-displej s p\u0159esn\u00fdm zobrazen\u00edm prote\u010den\u00e9ho mno\u017estv\u00ed vody (l\/min nebo gal\/min)<\/li>\n<li>Zobrazen\u00ed spot\u0159eby vody voliteln\u011b nap\u0159. za den, sez\u00f3nu nebo cyklus zavla\u017eov\u00e1n\u00ed<\/li>\n<li>3 funkce pam\u011bti<\/li>\n<li>Odoln\u00fd proti st\u0159\u00edkaj\u00edc\u00ed vod\u011b (IPX4)<\/li>\n<\/ul>\n<\/div>\n<\/div>\n<hr style=\"height: 0px;overflow: visible;border-width: 0.0625rem medium medium;border-style: solid none none;margin: 1rem 0px\">\n<div class=\"c-2\">\n<div class=\"space p-r p-tb\"><b style=\"font-weight: bolder\">Technick\u00e9 \u00fadaje<\/b><\/div>\n<\/div>\n<div class=\"c-8\">\n<div class=\"space p-tb\">\n<p style=\"margin: 0px 0px 0.5rem\"><strong style=\"font-weight: 700\">2cestn\u00fd rozd\u011blova\u010d<\/strong><\/p>\n<ul style=\"margin-bottom: 1rem;margin-top: 0px\">\n<li>Max. pracovn\u00ed tlak: 4 bar<\/li>\n<\/ul>\n<p style=\"margin: 0px 0px 0.5rem\">&nbsp;<\/p>\n<p style=\"margin: 0px 0px 0.5rem\"><strong style=\"font-weight: 700\">Zavla\u017eovac\u00ed hodiny<\/strong><\/p>\n<ul style=\"margin-bottom: 1rem;margin-top: 0px\">\n<li>Max. pracovn\u00ed tlak: 4 bar<\/li>\n<\/ul>\n<p style=\"margin: 0px 0px 0.5rem\">&nbsp;<\/p>\n<p style=\"margin: 0px 0px 0.5rem\"><strong style=\"font-weight: 700\">Pr\u016ftokom\u011br<\/strong><\/p>\n<ul style=\"margin-bottom: 1rem;margin-top: 0px\">\n<li>Max. provozn\u00ed tlak: 4 bar<\/li>\n<\/ul>\n<\/div>\n<\/div>\n<hr style=\"height: 0px;overflow: visible;border-width: 0.0625rem medium medium;border-style: solid none none;margin: 1rem 0px\">\n<div class=\"c-2\">\n<div class=\"space p-r p-tb\"><b style=\"font-weight: bolder\">Rozm\u011bry<\/b><\/div>\n<\/div>\n<div class=\"c-8\">\n<div class=\"space p-tb\">\n<ul style=\"margin-bottom: 1rem;margin-top: 0px\">\n<li>2cestn\u00fd rozd\u011blova\u010d: cca 193 x 136 x 75 mm<\/li>\n<li>Zavla\u017eovac\u00ed hodiny: cca 136 x 67 x 84,5 mm<\/li>\n<li>Pr\u016ftokom\u011br: cca 132 x 52 x 53 mm<\/li>\n<\/ul>\n<\/div>\n<\/div>\n<hr style=\"height: 0px;overflow: visible;border-width: 0.0625rem medium medium;border-style: solid none none;margin: 1rem 0px\">\n<div class=\"c-2\">\n<div class=\"space p-r p-tb\"><b style=\"font-weight: bolder\">Hmotnost<\/b><\/div>\n<\/div>\n<div class=\"c-8\">\n<div class=\"space p-tb\">\n<ul style=\"margin-bottom: 1rem;margin-top: 0px\">\n<li>2cestn\u00fd rozd\u011blova\u010d: cca 250 g<\/li>\n<li>Zavla\u017eovac\u00ed hodiny: cca 100 g<\/li>\n<li>Pr\u016ftokom\u011br: cca 101 g<\/li>\n<\/ul>\n<\/div>\n<\/div>\n<\/div>\n<\/div>\n","protected":false},"excerpt":{"rendered":"<p>PARKSIDE\u00ae Zavla\u017eovac\u00ed za\u0159\u00edzen\u00ed Popis 2cestn\u00fd rozd\u011blova\u010d Individu\u00e1ln\u011b, na sob\u011b nez\u00e1visl\u00e9 regulovateln\u00e9 proud\u011bn\u00ed vody 2 spojky s plynule nastaviteln\u00fdmi v\u00fdstupy Odoln\u00fd [&hellip;]<\/p>\n","protected":false},"featured_media":19578,"comment_status":"open","ping_status":"closed","template":"","meta":{"_uag_custom_page_level_css":"","site-sidebar-layout":"default","site-content-layout":"","ast-site-content-layout":"","site-content-style":"default","site-sidebar-style":"default","ast-global-header-display":"","ast-banner-title-visibility":"","ast-main-header-display":"","ast-hfb-above-header-display":"","ast-hfb-below-header-display":"","ast-hfb-mobile-header-display":"","site-post-title":"","ast-breadcrumbs-content":"","ast-featured-img":"","footer-sml-layout":"","theme-transparent-header-meta":"","adv-header-id-meta":"","stick-header-meta":"","header-above-stick-meta":"","header-main-stick-meta":"","header-below-stick-meta":"","astra-migrate-meta-layouts":"default","ast-page-background-enabled":"default","ast-page-background-meta":{"desktop":{"background-color":"var(--ast-global-color-4)","background-image":"","background-repeat":"repeat","background-position":"center center","background-size":"auto","background-attachment":"scroll","background-type":"","background-media":"","overlay-type":"","overlay-color":"","overlay-opacity":"","overlay-gradient":""},"tablet":{"background-color":"","background-image":"","background-repeat":"repeat","background-position":"center center","background-size":"auto","background-attachment":"scroll","background-type":"","background-media":"","overlay-type":"","overlay-color":"","overlay-opacity":"","overlay-gradient":""},"mobile":{"background-color":"","background-image":"","background-repeat":"repeat","background-position":"center center","background-size":"auto","background-attachment":"scroll","background-type":"","background-media":"","overlay-type":"","overlay-color":"","overlay-opacity":"","overlay-gradient":""}},"ast-content-background-meta":{"desktop":{"background-color":"var(--ast-global-color-5)","background-image":"","background-repeat":"repeat","background-position":"center center","background-size":"auto","background-attachment":"scroll","background-type":"","background-media":"","overlay-type":"","overlay-color":"","overlay-opacity":"","overlay-gradient":""},"tablet":{"background-color":"var(--ast-global-color-5)","background-image":"","background-repeat":"repeat","background-position":"center center","background-size":"auto","background-attachment":"scroll","background-type":"","background-media":"","overlay-type":"","overlay-color":"","overlay-opacity":"","overlay-gradient":""},"mobile":{"background-color":"var(--ast-global-color-5)","background-image":"","background-repeat":"repeat","background-position":"center center","background-size":"auto","background-attachment":"scroll","background-type":"","background-media":"","overlay-type":"","overlay-color":"","overlay-opacity":"","overlay-gradient":""}}},"product_brand":[99],"product_cat":[71],"product_tag":[],"class_list":{"0":"post-19582","1":"product","2":"type-product","3":"status-publish","4":"has-post-thumbnail","6":"product_brand-parkside","7":"product_cat-dilna-a-zahrada","8":"desktop-align-left","9":"tablet-align-left","10":"mobile-align-left","12":"first","13":"instock","14":"sale","15":"shipping-taxable","16":"purchasable","17":"product-type-simple"},"uagb_featured_image_src":{"full":["https:\/\/home-goods.cz\/wp-content\/uploads\/2025\/03\/img_0669.jpeg",772,579,false],"thumbnail":["https:\/\/home-goods.cz\/wp-content\/uploads\/2025\/03\/img_0669-150x150.jpeg",150,150,true],"medium":["https:\/\/home-goods.cz\/wp-content\/uploads\/2025\/03\/img_0669-400x300.jpeg",400,300,true],"medium_large":["https:\/\/home-goods.cz\/wp-content\/uploads\/2025\/03\/img_0669-768x576.jpeg",768,576,true],"large":["https:\/\/home-goods.cz\/wp-content\/uploads\/2025\/03\/img_0669.jpeg",772,579,false],"1536x1536":["https:\/\/home-goods.cz\/wp-content\/uploads\/2025\/03\/img_0669.jpeg",772,579,false],"2048x2048":["https:\/\/home-goods.cz\/wp-content\/uploads\/2025\/03\/img_0669.jpeg",772,579,false],"woocommerce_thumbnail":["https:\/\/home-goods.cz\/wp-content\/uploads\/2025\/03\/img_0669-600x450.jpeg",600,450,true],"woocommerce_single":["https:\/\/home-goods.cz\/wp-content\/uploads\/2025\/03\/img_0669-700x525.jpeg",700,525,true],"woocommerce_gallery_thumbnail":["https:\/\/home-goods.cz\/wp-content\/uploads\/2025\/03\/img_0669-100x100.jpeg",100,100,true]},"uagb_author_info":{"display_name":"Nahorniuk Vladyslav","author_link":"https:\/\/home-goods.cz\/author\/"},"uagb_comment_info":0,"uagb_excerpt":"PARKSIDE\u00ae Zavla\u017eovac\u00ed za\u0159\u00edzen\u00ed Popis 2cestn\u00fd rozd\u011blova\u010d Individu\u00e1ln\u011b, na sob\u011b nez\u00e1visl\u00e9 regulovateln\u00e9 proud\u011bn\u00ed vody 2 spojky s plynule nastaviteln\u00fdmi v\u00fdstupy Odoln\u00fd [&hellip;]","_links":{"self":[{"href":"https:\/\/home-goods.cz\/wp-json\/wp\/v2\/product\/19582","targetHints":{"allow":["GET"]}}],"collection":[{"href":"https:\/\/home-goods.cz\/wp-json\/wp\/v2\/product"}],"about":[{"href":"https:\/\/home-goods.cz\/wp-json\/wp\/v2\/types\/product"}],"replies":[{"embeddable":true,"href":"https:\/\/home-goods.cz\/wp-json\/wp\/v2\/comments?post=19582"}],"wp:featuredmedia":[{"embeddable":true,"href":"https:\/\/home-goods.cz\/wp-json\/wp\/v2\/media\/19578"}],"wp:attachment":[{"href":"https:\/\/home-goods.cz\/wp-json\/wp\/v2\/media?parent=19582"}],"wp:term":[{"taxonomy":"product_brand","embeddable":true,"href":"https:\/\/home-goods.cz\/wp-json\/wp\/v2\/product_brand?post=19582"},{"taxonomy":"product_cat","embeddable":true,"href":"https:\/\/home-goods.cz\/wp-json\/wp\/v2\/product_cat?post=19582"},{"taxonomy":"product_tag","embeddable":true,"href":"https:\/\/home-goods.cz\/wp-json\/wp\/v2\/product_tag?post=19582"}],"curies":[{"name":"wp","href":"https:\/\/api.w.org\/{rel}","templated":true}]}}