{"id":19525,"date":"2025-03-25T17:05:58","date_gmt":"2025-03-25T16:05:58","guid":{"rendered":"https:\/\/home-goods.cz\/?product=parkside-laserova-vodovaha-s-mericim-pasmem-pllm-10-a1"},"modified":"2025-06-06T21:19:08","modified_gmt":"2025-06-06T19:19:08","slug":"parkside-laserova-vodovaha-s-mericim-pasmem-pllm-10-a1","status":"publish","type":"product","link":"https:\/\/home-goods.cz\/produkt\/parkside-laserova-vodovaha-s-mericim-pasmem-pllm-10-a1\/","title":{"rendered":"Parkside Laserov\u00e1 vodov\u00e1ha s m\u011b\u0159ic\u00edm p\u00e1smem PLLM 10 A1"},"content":{"rendered":"<h2 style=\"margin: 0px 0px 1rem;font-family: LidlFontPro, sans-serif;font-size: 1rem;font-weight: 600;letter-spacing: normal;line-height: 1.25rem;font-style: normal;text-align: start;text-indent: 0px;text-transform: none;text-decoration: none\">PARKSIDE\u00ae Laserov\u00e1 vodov\u00e1ha s m\u011b\u0159ic\u00edm p\u00e1smem PLLM 10 A1<\/h2>\n<div class=\"product-detail-container\" id=\"detailtab1\" style=\"font-family: LidlFontPro, sans-serif;font-size: 14px;font-style: normal;font-weight: 500;letter-spacing: normal;text-align: start;text-indent: 0px;text-transform: none;text-decoration: none\">\n<div class=\"r no-m\">\n<div class=\"c-2\">\n<div class=\"space p-r p-tb\"><b style=\"font-weight: bolder\">Popis<\/b><\/div>\n<\/div>\n<div class=\"c-8\">\n<div class=\"space p-tb\">\n<ul style=\"margin-bottom: 1rem;margin-top: 0px\">\n<li>Pro p\u0159esn\u00e9 vyrovn\u00e1n\u00ed obraz\u016f, dr\u017e\u00e1k\u016f na st\u011bnu nebo reg\u00e1l\u016f<\/li>\n<li>Snadn\u00e9 vyrovn\u00e1n\u00ed laserov\u00e9 linie pomoc\u00ed nastavovac\u00edho kole\u010dka a t\u0159\u00edbarevn\u00e9ho LED zobrazen\u00ed (p\u0159i zelen\u00e9: p\u0159esn\u011b vodorovn\u011b \/ svisle)<\/li>\n<li>Integrovan\u00e9 m\u011b\u0159ic\u00ed p\u00e1smo pro snadn\u00e9 m\u011b\u0159en\u00ed vzd\u00e1lenost\u00ed<\/li>\n<li>Samolepic\u00ed d\u00edky n\u00e1stavci s gelov\u00fdmi podlo\u017ekami na v\u0161ech hladk\u00fdch st\u011bn\u00e1ch \u2013 podlo\u017eky lze om\u00fdvat a opakovan\u011b pou\u017e\u00edvat<\/li>\n<li>Dodate\u010dn\u00fd n\u00e1stavec se 2 p\u0159ip\u00edn\u00e1\u010dky na tapety (hrubovl\u00e1knit\u00e9, pap\u00edrov\u00e9 a z netkan\u00e9 textilie) nebo s om\u00edtkov\u00fdm podkladem (do drsnosti cca 2 mm)<\/li>\n<li>V\u010detn\u011b alkalick\u00e9 baterie (1x 1,5 V \u2013 AA) a n\u00e1vodu k pou\u017eit\u00ed<\/li>\n<li>Dodan\u00e9 p\u0159\u00edslu\u0161enstv\u00ed:<span class=\"Apple-converted-space\">&nbsp;<\/span>\n<ul style=\"margin-bottom: 0px;margin-top: 0px\">\n<li>3x n\u00e1stavec s gelov\u00fdmi podlo\u017ekami<\/li>\n<li>1x ochrann\u00fd kryt s gelov\u00fdmi podlo\u017ekami<\/li>\n<li>1x n\u00e1stavec se 2 p\u0159ip\u00edn\u00e1\u010dky<\/li>\n<\/ul>\n<\/li>\n<\/ul>\n<\/div>\n<\/div>\n<hr style=\"height: 0px;overflow: visible;border-width: 0.0625rem medium medium;border-style: solid none none;margin: 1rem 0px\">\n<div class=\"c-2\">\n<div class=\"space p-r p-tb\"><b style=\"font-weight: bolder\">Technick\u00e9 \u00fadaje<\/b><\/div>\n<\/div>\n<div class=\"c-8\">\n<div class=\"space p-tb\">\n<ul style=\"margin-bottom: 1rem;margin-top: 0px\">\n<li>Pracovn\u00ed rozsah laseru: cca 2 m<\/li>\n<li>P\u0159esnost vyrovn\u00e1n\u00ed: \u00b10,3\u00b0<\/li>\n<li>Laserov\u00e1 t\u0159\u00edda: 2<\/li>\n<\/ul>\n<\/div>\n<\/div>\n<hr style=\"height: 0px;overflow: visible;border-width: 0.0625rem medium medium;border-style: solid none none;margin: 1rem 0px\">\n<div class=\"c-2\">\n<div class=\"space p-r p-tb\"><b style=\"font-weight: bolder\">Rozm\u011bry<\/b><\/div>\n<\/div>\n<div class=\"c-8\">\n<div class=\"space p-tb\">\n<ul style=\"margin-bottom: 1rem;margin-top: 0px\">\n<li>cca 11,3 x 8,5 x 5 cm<\/li>\n<li>D\u00e9lka m\u011b\u0159ic\u00edho p\u00e1sma: cca 1,5 m<\/li>\n<\/ul>\n<\/div>\n<\/div>\n<hr style=\"height: 0px;overflow: visible;border-width: 0.0625rem medium medium;border-style: solid none none;margin: 1rem 0px\">\n<div class=\"c-2\">\n<div class=\"space p-r p-tb\"><b style=\"font-weight: bolder\">Hmotnost<\/b><\/div>\n<\/div>\n<div class=\"c-8\">\n<div class=\"space p-tb\">\n<ul style=\"margin-bottom: 1rem;margin-top: 0px\">\n<li>cca 190 g<\/li>\n<\/ul>\n<\/div>\n<\/div>\n<\/div>\n<\/div>\n","protected":false},"excerpt":{"rendered":"<p>PARKSIDE\u00ae Laserov\u00e1 vodov\u00e1ha s m\u011b\u0159ic\u00edm p\u00e1smem PLLM 10 A1 Popis Pro p\u0159esn\u00e9 vyrovn\u00e1n\u00ed obraz\u016f, dr\u017e\u00e1k\u016f na st\u011bnu nebo reg\u00e1l\u016f Snadn\u00e9 [&hellip;]<\/p>\n","protected":false},"featured_media":19487,"comment_status":"open","ping_status":"closed","template":"","meta":{"_uag_custom_page_level_css":"","site-sidebar-layout":"default","site-content-layout":"","ast-site-content-layout":"","site-content-style":"default","site-sidebar-style":"default","ast-global-header-display":"","ast-banner-title-visibility":"","ast-main-header-display":"","ast-hfb-above-header-display":"","ast-hfb-below-header-display":"","ast-hfb-mobile-header-display":"","site-post-title":"","ast-breadcrumbs-content":"","ast-featured-img":"","footer-sml-layout":"","theme-transparent-header-meta":"","adv-header-id-meta":"","stick-header-meta":"","header-above-stick-meta":"","header-main-stick-meta":"","header-below-stick-meta":"","astra-migrate-meta-layouts":"default","ast-page-background-enabled":"default","ast-page-background-meta":{"desktop":{"background-color":"var(--ast-global-color-4)","background-image":"","background-repeat":"repeat","background-position":"center center","background-size":"auto","background-attachment":"scroll","background-type":"","background-media":"","overlay-type":"","overlay-color":"","overlay-opacity":"","overlay-gradient":""},"tablet":{"background-color":"","background-image":"","background-repeat":"repeat","background-position":"center center","background-size":"auto","background-attachment":"scroll","background-type":"","background-media":"","overlay-type":"","overlay-color":"","overlay-opacity":"","overlay-gradient":""},"mobile":{"background-color":"","background-image":"","background-repeat":"repeat","background-position":"center center","background-size":"auto","background-attachment":"scroll","background-type":"","background-media":"","overlay-type":"","overlay-color":"","overlay-opacity":"","overlay-gradient":""}},"ast-content-background-meta":{"desktop":{"background-color":"var(--ast-global-color-5)","background-image":"","background-repeat":"repeat","background-position":"center center","background-size":"auto","background-attachment":"scroll","background-type":"","background-media":"","overlay-type":"","overlay-color":"","overlay-opacity":"","overlay-gradient":""},"tablet":{"background-color":"var(--ast-global-color-5)","background-image":"","background-repeat":"repeat","background-position":"center center","background-size":"auto","background-attachment":"scroll","background-type":"","background-media":"","overlay-type":"","overlay-color":"","overlay-opacity":"","overlay-gradient":""},"mobile":{"background-color":"var(--ast-global-color-5)","background-image":"","background-repeat":"repeat","background-position":"center center","background-size":"auto","background-attachment":"scroll","background-type":"","background-media":"","overlay-type":"","overlay-color":"","overlay-opacity":"","overlay-gradient":""}}},"product_brand":[99],"product_cat":[71],"product_tag":[],"class_list":{"0":"post-19525","1":"product","2":"type-product","3":"status-publish","4":"has-post-thumbnail","6":"product_brand-parkside","7":"product_cat-dilna-a-zahrada","8":"desktop-align-left","9":"tablet-align-left","10":"mobile-align-left","12":"first","13":"instock","14":"sale","15":"shipping-taxable","16":"purchasable","17":"product-type-simple"},"uagb_featured_image_src":{"full":["https:\/\/home-goods.cz\/wp-content\/uploads\/2025\/03\/img_0614.jpeg",1500,1125,false],"thumbnail":["https:\/\/home-goods.cz\/wp-content\/uploads\/2025\/03\/img_0614-150x150.jpeg",150,150,true],"medium":["https:\/\/home-goods.cz\/wp-content\/uploads\/2025\/03\/img_0614-400x300.jpeg",400,300,true],"medium_large":["https:\/\/home-goods.cz\/wp-content\/uploads\/2025\/03\/img_0614-768x576.jpeg",768,576,true],"large":["https:\/\/home-goods.cz\/wp-content\/uploads\/2025\/03\/img_0614-1067x800.jpeg",1067,800,true],"1536x1536":["https:\/\/home-goods.cz\/wp-content\/uploads\/2025\/03\/img_0614.jpeg",1500,1125,false],"2048x2048":["https:\/\/home-goods.cz\/wp-content\/uploads\/2025\/03\/img_0614.jpeg",1500,1125,false],"woocommerce_thumbnail":["https:\/\/home-goods.cz\/wp-content\/uploads\/2025\/03\/img_0614-600x450.jpeg",600,450,true],"woocommerce_single":["https:\/\/home-goods.cz\/wp-content\/uploads\/2025\/03\/img_0614-700x525.jpeg",700,525,true],"woocommerce_gallery_thumbnail":["https:\/\/home-goods.cz\/wp-content\/uploads\/2025\/03\/img_0614-100x100.jpeg",100,100,true]},"uagb_author_info":{"display_name":"Nahorniuk Vladyslav","author_link":"https:\/\/home-goods.cz\/author\/"},"uagb_comment_info":0,"uagb_excerpt":"PARKSIDE\u00ae Laserov\u00e1 vodov\u00e1ha s m\u011b\u0159ic\u00edm p\u00e1smem PLLM 10 A1 Popis Pro p\u0159esn\u00e9 vyrovn\u00e1n\u00ed obraz\u016f, dr\u017e\u00e1k\u016f na st\u011bnu nebo reg\u00e1l\u016f Snadn\u00e9 [&hellip;]","_links":{"self":[{"href":"https:\/\/home-goods.cz\/wp-json\/wp\/v2\/product\/19525","targetHints":{"allow":["GET"]}}],"collection":[{"href":"https:\/\/home-goods.cz\/wp-json\/wp\/v2\/product"}],"about":[{"href":"https:\/\/home-goods.cz\/wp-json\/wp\/v2\/types\/product"}],"replies":[{"embeddable":true,"href":"https:\/\/home-goods.cz\/wp-json\/wp\/v2\/comments?post=19525"}],"wp:featuredmedia":[{"embeddable":true,"href":"https:\/\/home-goods.cz\/wp-json\/wp\/v2\/media\/19487"}],"wp:attachment":[{"href":"https:\/\/home-goods.cz\/wp-json\/wp\/v2\/media?parent=19525"}],"wp:term":[{"taxonomy":"product_brand","embeddable":true,"href":"https:\/\/home-goods.cz\/wp-json\/wp\/v2\/product_brand?post=19525"},{"taxonomy":"product_cat","embeddable":true,"href":"https:\/\/home-goods.cz\/wp-json\/wp\/v2\/product_cat?post=19525"},{"taxonomy":"product_tag","embeddable":true,"href":"https:\/\/home-goods.cz\/wp-json\/wp\/v2\/product_tag?post=19525"}],"curies":[{"name":"wp","href":"https:\/\/api.w.org\/{rel}","templated":true}]}}