{"id":19474,"date":"2025-03-21T21:15:26","date_gmt":"2025-03-21T20:15:26","guid":{"rendered":"https:\/\/home-goods.cz\/?product=silvercrest-kitchen-toolshorkovzdusna-friteza-s-funkci-grilu-shfg-2460-a1-38l-2-460-w"},"modified":"2026-03-03T01:01:01","modified_gmt":"2026-03-03T00:01:01","slug":"silvercrest-kitchen-toolshorkovzdusna-friteza-s-funkci-grilu-shfg-2460-a1-38l-2-460-w","status":"publish","type":"product","link":"https:\/\/home-goods.cz\/produkt\/silvercrest-kitchen-toolshorkovzdusna-friteza-s-funkci-grilu-shfg-2460-a1-38l-2-460-w\/","title":{"rendered":"SILVERCREST\u00ae KITCHEN TOOLS Horkovzdu\u0161n\u00e1 frit\u00e9za s funkc\u00ed grilu SHFG 2460 A1, 3,8L, 2 460 W"},"content":{"rendered":"<div class=\"ods-bottom-sheet__title\" data-v-023dfcba=\"\">\n<h3 class=\"ods-bottom-sheet__title-text\" style=\"margin: 0px 1rem 0px 0px;overflow: hidden;text-align: left;font-family: LidlFontPro, sans-serif;font-size: 1.25rem;font-weight: 600;letter-spacing: 0px;line-height: 1.75rem\" data-v-023dfcba=\"\">Informace<\/h3>\n<p>&nbsp;<\/p>\n<\/div>\n<div class=\"ods-bottom-sheet__content ods-bottom-sheet__content--spacing\" style=\"font-family: LidlFontPro, sans-serif;font-size: 16px;font-weight: 500;letter-spacing: normal;line-height: 1.5rem;margin-bottom: 1.5rem;overflow: hidden auto;padding-left: 1rem;padding-right: 1rem;flex-grow: 1;font-style: normal;text-align: start;text-indent: 0px;text-transform: none;text-decoration: none\" role=\"document\" data-v-023dfcba=\"\">\n<div data-v-023dfcba=\"\">\n<div class=\"tab__content info__content info__content--description\" style=\"flex-direction: column;font-family: LidlFontPro, sans-serif;font-size: 0.875rem;font-weight: 500;gap: 1.25rem;letter-spacing: 0px;line-height: 1.25rem;overflow: auto\" data-v-69fb4fdb=\"\" data-v-d203bd27=\"\">\n<div data-v-69fb4fdb=\"\">\n<p style=\"margin: 0px 0px 0.5rem\">P\u0159\u00eddavn\u00e1 funkce grilu | p\u0159\u00edkon 2460 W | nastaven\u00ed teploty od 40 \u00b0C do 230 \u00b0C | snadn\u00e9 ovl\u00e1d\u00e1n\u00ed | p\u0159ehledn\u00fd displej |\u00a011 p\u0159ednastaven\u00fdch program\u016f |\u00a0ILAG<sup style=\"font-size: 10.5px;line-height: 0;position: relative;vertical-align: baseline;top: -0.5em\">\u00ae<\/sup>CERALON\u00a0| Objem fritovac\u00edch ko\u0161\u016f &#8211; cca 2,5l\u00a0| Celkov\u00fd objem &#8211; cca 3,8l<\/p>\n<\/div>\n<div data-v-69fb4fdb=\"\">\n<p style=\"margin: 0px 0px 0.5rem\">Sma\u017een\u00ed bez p\u0159ebyte\u010dn\u00e9ho oleje nebo tuku<\/p>\n<\/div>\n<div data-v-69fb4fdb=\"\">\n<h2 style=\"margin: 0px 0px 1rem;font-family: LidlFontPro, sans-serif;font-size: 1rem;font-weight: 600;letter-spacing: 0px;line-height: 1.25rem\">SILVERCREST\u00ae KITCHEN TOOLS Horkovzdu\u0161n\u00e1 frit\u00e9za\u00a0s funkc\u00ed grilu SHFG 2460 A1, 3,8L,\u00a02 460 W<\/h2>\n<div id=\"detailtab1\" class=\"product-detail-container\">\n<div class=\"r no-m\">\n<div class=\"c-2\">\n<div class=\"space p-r p-tb\"><b style=\"font-weight: bolder\">Popis<\/b><\/div>\n<\/div>\n<div class=\"c-8\">\n<div class=\"space p-tb\">\n<ul style=\"margin-bottom: 1rem;margin-top: 0px\">\n<li>V\u010detn\u011b<span class=\"Apple-converted-space\">\u00a0<\/span>funkce grilu<\/li>\n<li>Zav\u0159en\u00e9 v\u00edko \u2013\u00a0horkovzdu\u0161n\u00e1 frit\u00e9za; otev\u0159en\u00e9 v\u00edko \u2013 gril<\/li>\n<li>Snadn\u00e9 ovl\u00e1d\u00e1n\u00ed pomoc\u00ed dotykov\u00e9ho displeje<\/li>\n<li>11 p\u0159ednastaven\u00fdch program\u016f<\/li>\n<li>Sma\u017een\u00ed bez p\u0159ebyte\u010dn\u00e9ho oleje nebo tuku<\/li>\n<li>Vysoce kvalitn\u00ed\u00a0nep\u0159ilnav\u00fd\u00a0povrch\u00a0ILAG<sup style=\"font-size: 10.5px;line-height: 0;position: relative;vertical-align: baseline;top: -0.5em\">\u00ae<\/sup><\/li>\n<li>ILAG<sup style=\"font-size: 10.5px;line-height: 0;position: relative;vertical-align: baseline;top: -0.5em\">\u00ae<\/sup>CERALON: vysoce kvalitn\u00ed jednovrstv\u00fd nebo dvouvrstv\u00fd keramick\u00fd nep\u0159ilnav\u00fd povlak s vynikaj\u00edc\u00edmi vlastnostmi<\/li>\n<li>Praktick\u00fd\u00a0teplom\u011br<\/li>\n<li>Objem\u00a0fritovac\u00edho ko\u0161e cca 2,5 l &#8211; vhodn\u00fd p\u0159ibli\u017en\u011b na 1 kg hranolek<\/li>\n<li>Nastaven\u00ed teploty od 40 \u00b0C do 230 \u00b0C<\/li>\n<li>Nastaven\u00ed \u010dasova\u010de: od 1 minuty do 6 hodin<\/li>\n<li>Sou\u010d\u00e1st\u00ed je n\u00e1vod k pou\u017eit\u00ed s 5 recepty<\/li>\n<\/ul>\n<\/div>\n<\/div>\n<hr style=\"height: 0px;overflow: visible;border-width: 0.0625rem medium medium;border-style: solid none none;margin: 1rem 0px\" \/>\n<div class=\"c-2\">\n<div class=\"space p-r p-tb\"><b style=\"font-weight: bolder\">Technick\u00e9 \u00fadaje<\/b><\/div>\n<\/div>\n<div class=\"c-8\">\n<div class=\"space p-tb\">\n<ul style=\"margin-bottom: 1rem;margin-top: 0px\">\n<li>P\u0159\u00edkon:\u00a02 460 W<\/li>\n<\/ul>\n<\/div>\n<\/div>\n<hr style=\"height: 0px;overflow: visible;border-width: 0.0625rem medium medium;border-style: solid none none;margin: 1rem 0px\" \/>\n<div class=\"c-2\">\n<div class=\"space p-r p-tb\"><b style=\"font-weight: bolder\">Rozm\u011bry<\/b><\/div>\n<\/div>\n<div class=\"c-8\">\n<div class=\"space p-tb\">\n<ul style=\"margin-bottom: 1rem;margin-top: 0px\">\n<li>cca 40 x 44 x 31 cm (D x \u0160 x V)<\/li>\n<li>D\u00e9lka s\u00ed\u0165ov\u00e9ho kabelu: cca 100 cm<\/li>\n<li>Objem: fritovac\u00ed ko\u0161: cca 2,5 l (pro cca 1 kg hranolek)<\/li>\n<\/ul>\n<\/div>\n<\/div>\n<hr style=\"height: 0px;overflow: visible;border-width: 0.0625rem medium medium;border-style: solid none none;margin: 1rem 0px\" \/>\n<div class=\"c-2\">\n<div class=\"space p-r p-tb\"><b style=\"font-weight: bolder\">Hmotnost<\/b><\/div>\n<\/div>\n<div class=\"c-8\">\n<div class=\"space p-tb\">\n<ul style=\"margin-bottom: 1rem;margin-top: 0px\">\n<li>cca\u00a08 170 g<\/li>\n<\/ul>\n<\/div>\n<\/div>\n<\/div>\n<\/div>\n<\/div>\n<\/div>\n<\/div>\n<\/div>\n","protected":false},"excerpt":{"rendered":"<p>Informace &nbsp; P\u0159\u00eddavn\u00e1 funkce grilu | p\u0159\u00edkon 2460 W | nastaven\u00ed teploty od 40 \u00b0C do 230 \u00b0C | snadn\u00e9 [&hellip;]<\/p>\n","protected":false},"featured_media":20664,"comment_status":"open","ping_status":"closed","template":"","meta":{"_uag_custom_page_level_css":"","site-sidebar-layout":"default","site-content-layout":"","ast-site-content-layout":"","site-content-style":"default","site-sidebar-style":"default","ast-global-header-display":"","ast-banner-title-visibility":"","ast-main-header-display":"","ast-hfb-above-header-display":"","ast-hfb-below-header-display":"","ast-hfb-mobile-header-display":"","site-post-title":"","ast-breadcrumbs-content":"","ast-featured-img":"","footer-sml-layout":"","theme-transparent-header-meta":"","adv-header-id-meta":"","stick-header-meta":"","header-above-stick-meta":"","header-main-stick-meta":"","header-below-stick-meta":"","astra-migrate-meta-layouts":"default","ast-page-background-enabled":"default","ast-page-background-meta":{"desktop":{"background-color":"var(--ast-global-color-4)","background-image":"","background-repeat":"repeat","background-position":"center center","background-size":"auto","background-attachment":"scroll","background-type":"","background-media":"","overlay-type":"","overlay-color":"","overlay-opacity":"","overlay-gradient":""},"tablet":{"background-color":"","background-image":"","background-repeat":"repeat","background-position":"center center","background-size":"auto","background-attachment":"scroll","background-type":"","background-media":"","overlay-type":"","overlay-color":"","overlay-opacity":"","overlay-gradient":""},"mobile":{"background-color":"","background-image":"","background-repeat":"repeat","background-position":"center center","background-size":"auto","background-attachment":"scroll","background-type":"","background-media":"","overlay-type":"","overlay-color":"","overlay-opacity":"","overlay-gradient":""}},"ast-content-background-meta":{"desktop":{"background-color":"var(--ast-global-color-5)","background-image":"","background-repeat":"repeat","background-position":"center center","background-size":"auto","background-attachment":"scroll","background-type":"","background-media":"","overlay-type":"","overlay-color":"","overlay-opacity":"","overlay-gradient":""},"tablet":{"background-color":"var(--ast-global-color-5)","background-image":"","background-repeat":"repeat","background-position":"center center","background-size":"auto","background-attachment":"scroll","background-type":"","background-media":"","overlay-type":"","overlay-color":"","overlay-opacity":"","overlay-gradient":""},"mobile":{"background-color":"var(--ast-global-color-5)","background-image":"","background-repeat":"repeat","background-position":"center center","background-size":"auto","background-attachment":"scroll","background-type":"","background-media":"","overlay-type":"","overlay-color":"","overlay-opacity":"","overlay-gradient":""}}},"product_brand":[],"product_cat":[73],"product_tag":[],"class_list":{"0":"post-19474","1":"product","2":"type-product","3":"status-publish","4":"has-post-thumbnail","6":"product_cat-kuchyne","7":"desktop-align-left","8":"tablet-align-left","9":"mobile-align-left","11":"first","12":"instock","13":"sale","14":"shipping-taxable","15":"purchasable","16":"product-type-simple"},"uagb_featured_image_src":{"full":["https:\/\/home-goods.cz\/wp-content\/uploads\/2025\/03\/gcpc1e4e9f639664928b1b4a16af975b.jpg",772,579,false],"thumbnail":["https:\/\/home-goods.cz\/wp-content\/uploads\/2025\/03\/gcpc1e4e9f639664928b1b4a16af975b-150x150.jpg",150,150,true],"medium":["https:\/\/home-goods.cz\/wp-content\/uploads\/2025\/03\/gcpc1e4e9f639664928b1b4a16af975b-400x300.jpg",400,300,true],"medium_large":["https:\/\/home-goods.cz\/wp-content\/uploads\/2025\/03\/gcpc1e4e9f639664928b1b4a16af975b-768x576.jpg",768,576,true],"large":["https:\/\/home-goods.cz\/wp-content\/uploads\/2025\/03\/gcpc1e4e9f639664928b1b4a16af975b.jpg",772,579,false],"1536x1536":["https:\/\/home-goods.cz\/wp-content\/uploads\/2025\/03\/gcpc1e4e9f639664928b1b4a16af975b.jpg",772,579,false],"2048x2048":["https:\/\/home-goods.cz\/wp-content\/uploads\/2025\/03\/gcpc1e4e9f639664928b1b4a16af975b.jpg",772,579,false],"woocommerce_thumbnail":["https:\/\/home-goods.cz\/wp-content\/uploads\/2025\/03\/gcpc1e4e9f639664928b1b4a16af975b-600x450.jpg",600,450,true],"woocommerce_single":["https:\/\/home-goods.cz\/wp-content\/uploads\/2025\/03\/gcpc1e4e9f639664928b1b4a16af975b-700x525.jpg",700,525,true],"woocommerce_gallery_thumbnail":["https:\/\/home-goods.cz\/wp-content\/uploads\/2025\/03\/gcpc1e4e9f639664928b1b4a16af975b-100x100.jpg",100,100,true]},"uagb_author_info":{"display_name":"Nahorniuk Vladyslav","author_link":"https:\/\/home-goods.cz\/author\/"},"uagb_comment_info":0,"uagb_excerpt":"Informace &nbsp; P\u0159\u00eddavn\u00e1 funkce grilu | p\u0159\u00edkon 2460 W | nastaven\u00ed teploty od 40 \u00b0C do 230 \u00b0C | snadn\u00e9 [&hellip;]","_links":{"self":[{"href":"https:\/\/home-goods.cz\/wp-json\/wp\/v2\/product\/19474","targetHints":{"allow":["GET"]}}],"collection":[{"href":"https:\/\/home-goods.cz\/wp-json\/wp\/v2\/product"}],"about":[{"href":"https:\/\/home-goods.cz\/wp-json\/wp\/v2\/types\/product"}],"replies":[{"embeddable":true,"href":"https:\/\/home-goods.cz\/wp-json\/wp\/v2\/comments?post=19474"}],"wp:featuredmedia":[{"embeddable":true,"href":"https:\/\/home-goods.cz\/wp-json\/wp\/v2\/media\/20664"}],"wp:attachment":[{"href":"https:\/\/home-goods.cz\/wp-json\/wp\/v2\/media?parent=19474"}],"wp:term":[{"taxonomy":"product_brand","embeddable":true,"href":"https:\/\/home-goods.cz\/wp-json\/wp\/v2\/product_brand?post=19474"},{"taxonomy":"product_cat","embeddable":true,"href":"https:\/\/home-goods.cz\/wp-json\/wp\/v2\/product_cat?post=19474"},{"taxonomy":"product_tag","embeddable":true,"href":"https:\/\/home-goods.cz\/wp-json\/wp\/v2\/product_tag?post=19474"}],"curies":[{"name":"wp","href":"https:\/\/api.w.org\/{rel}","templated":true}]}}