{"id":18720,"date":"2025-02-21T14:56:40","date_gmt":"2025-02-21T13:56:40","guid":{"rendered":"https:\/\/home-goods.cz\/?post_type=product&#038;p=18720"},"modified":"2025-12-02T14:12:00","modified_gmt":"2025-12-02T13:12:00","slug":"parkside-sada-vrtaku-sds-plus-pro-vrtaci-kladiva-pbs-7-a2-sekacu-sds-plus-prms-4-a1","status":"publish","type":"product","link":"https:\/\/home-goods.cz\/produkt\/parkside-sada-vrtaku-sds-plus-pro-vrtaci-kladiva-pbs-7-a2-sekacu-sds-plus-prms-4-a1\/","title":{"rendered":"PARKSIDE\u00ae Sada vrt\u00e1k\u016f SDS Plus pro vrtac\u00ed kladiva PBS 7 A2 \/ sek\u00e1\u010d\u016f SDS Plus PRMS 4 A1"},"content":{"rendered":"<h2>PARKSIDE\u00ae Sada vrt\u00e1k\u016f SDS Plus pro vrtac\u00ed kladiva PBS 7 A2 \/ sek\u00e1\u010d\u016f SDS PRMS 4 A1<\/h2>\n<p><strong>Popis<\/strong><\/p>\n<ul>\n<li>Upnut\u00ed: SDS Plus<\/li>\n<\/ul>\n<p><strong>Varianta sada vrt\u00e1k\u016f SDS Plus, 7d\u00edln\u00e1<\/strong><\/p>\n<ul>\n<li>7d\u00edln\u00e1<\/li>\n<li>5-6-8-10-12 mm<\/li>\n<li>Oblast pou\u017eit\u00ed: k\u00e1men, p\u00f3robeton, cihla<\/li>\n<\/ul>\n<ul>\n<li><\/li>\n<\/ul>\n<hr \/>\n<p><strong>Materi\u00e1l<\/strong><\/p>\n<ul>\n<li>Ocel, tvrd\u00fd kov<\/li>\n<\/ul>\n<hr \/>\n<p><strong>Rozm\u011bry<\/strong><\/p>\n<ul>\n<li>Varianta sada vrt\u00e1k\u016f SDS Plus, 7d\u00edln\u00e1: d\u00e9lka vrt\u00e1ku: cca 16 cm; box: cca 18 x 12,5 x 3,8 cm<\/li>\n<\/ul>\n<hr \/>\n<p><strong>Hmotnost<\/strong><\/p>\n<ul>\n<li>Varianta sada vrt\u00e1k\u016f SDS Plus, 7d\u00edln\u00e1: cca 370 g<\/li>\n<\/ul>\n","protected":false},"excerpt":{"rendered":"<p>PARKSIDE\u00ae Sada vrt\u00e1k\u016f SDS Plus pro vrtac\u00ed kladiva PBS 7 A2 \/ sek\u00e1\u010d\u016f SDS PRMS 4 A1 Popis Upnut\u00ed: SDS [&hellip;]<\/p>\n","protected":false},"featured_media":18723,"comment_status":"open","ping_status":"closed","template":"","meta":{"_uag_custom_page_level_css":"","site-sidebar-layout":"default","site-content-layout":"","ast-site-content-layout":"","site-content-style":"default","site-sidebar-style":"default","ast-global-header-display":"","ast-banner-title-visibility":"","ast-main-header-display":"","ast-hfb-above-header-display":"","ast-hfb-below-header-display":"","ast-hfb-mobile-header-display":"","site-post-title":"","ast-breadcrumbs-content":"","ast-featured-img":"","footer-sml-layout":"","theme-transparent-header-meta":"","adv-header-id-meta":"","stick-header-meta":"","header-above-stick-meta":"","header-main-stick-meta":"","header-below-stick-meta":"","astra-migrate-meta-layouts":"default","ast-page-background-enabled":"default","ast-page-background-meta":{"desktop":{"background-color":"var(--ast-global-color-4)","background-image":"","background-repeat":"repeat","background-position":"center center","background-size":"auto","background-attachment":"scroll","background-type":"","background-media":"","overlay-type":"","overlay-color":"","overlay-opacity":"","overlay-gradient":""},"tablet":{"background-color":"","background-image":"","background-repeat":"repeat","background-position":"center center","background-size":"auto","background-attachment":"scroll","background-type":"","background-media":"","overlay-type":"","overlay-color":"","overlay-opacity":"","overlay-gradient":""},"mobile":{"background-color":"","background-image":"","background-repeat":"repeat","background-position":"center center","background-size":"auto","background-attachment":"scroll","background-type":"","background-media":"","overlay-type":"","overlay-color":"","overlay-opacity":"","overlay-gradient":""}},"ast-content-background-meta":{"desktop":{"background-color":"var(--ast-global-color-5)","background-image":"","background-repeat":"repeat","background-position":"center center","background-size":"auto","background-attachment":"scroll","background-type":"","background-media":"","overlay-type":"","overlay-color":"","overlay-opacity":"","overlay-gradient":""},"tablet":{"background-color":"var(--ast-global-color-5)","background-image":"","background-repeat":"repeat","background-position":"center center","background-size":"auto","background-attachment":"scroll","background-type":"","background-media":"","overlay-type":"","overlay-color":"","overlay-opacity":"","overlay-gradient":""},"mobile":{"background-color":"var(--ast-global-color-5)","background-image":"","background-repeat":"repeat","background-position":"center center","background-size":"auto","background-attachment":"scroll","background-type":"","background-media":"","overlay-type":"","overlay-color":"","overlay-opacity":"","overlay-gradient":""}}},"product_brand":[99],"product_cat":[71],"product_tag":[],"class_list":{"0":"post-18720","1":"product","2":"type-product","3":"status-publish","4":"has-post-thumbnail","6":"product_brand-parkside","7":"product_cat-dilna-a-zahrada","8":"desktop-align-left","9":"tablet-align-left","10":"mobile-align-left","12":"first","13":"outofstock","14":"shipping-taxable","15":"purchasable","16":"product-type-simple"},"uagb_featured_image_src":{"full":["https:\/\/home-goods.cz\/wp-content\/uploads\/2025\/02\/97615a10066cf1b0e89421b520555517.jpg",1500,1125,false],"thumbnail":["https:\/\/home-goods.cz\/wp-content\/uploads\/2025\/02\/97615a10066cf1b0e89421b520555517-150x150.jpg",150,150,true],"medium":["https:\/\/home-goods.cz\/wp-content\/uploads\/2025\/02\/97615a10066cf1b0e89421b520555517-400x300.jpg",400,300,true],"medium_large":["https:\/\/home-goods.cz\/wp-content\/uploads\/2025\/02\/97615a10066cf1b0e89421b520555517-768x576.jpg",768,576,true],"large":["https:\/\/home-goods.cz\/wp-content\/uploads\/2025\/02\/97615a10066cf1b0e89421b520555517-1067x800.jpg",1067,800,true],"1536x1536":["https:\/\/home-goods.cz\/wp-content\/uploads\/2025\/02\/97615a10066cf1b0e89421b520555517.jpg",1500,1125,false],"2048x2048":["https:\/\/home-goods.cz\/wp-content\/uploads\/2025\/02\/97615a10066cf1b0e89421b520555517.jpg",1500,1125,false],"woocommerce_thumbnail":["https:\/\/home-goods.cz\/wp-content\/uploads\/2025\/02\/97615a10066cf1b0e89421b520555517-600x450.jpg",600,450,true],"woocommerce_single":["https:\/\/home-goods.cz\/wp-content\/uploads\/2025\/02\/97615a10066cf1b0e89421b520555517-700x525.jpg",700,525,true],"woocommerce_gallery_thumbnail":["https:\/\/home-goods.cz\/wp-content\/uploads\/2025\/02\/97615a10066cf1b0e89421b520555517-100x100.jpg",100,100,true]},"uagb_author_info":{"display_name":"Nahorniuk Vladyslav","author_link":"https:\/\/home-goods.cz\/author\/"},"uagb_comment_info":0,"uagb_excerpt":"PARKSIDE\u00ae Sada vrt\u00e1k\u016f SDS Plus pro vrtac\u00ed kladiva PBS 7 A2 \/ sek\u00e1\u010d\u016f SDS PRMS 4 A1 Popis Upnut\u00ed: SDS [&hellip;]","_links":{"self":[{"href":"https:\/\/home-goods.cz\/wp-json\/wp\/v2\/product\/18720","targetHints":{"allow":["GET"]}}],"collection":[{"href":"https:\/\/home-goods.cz\/wp-json\/wp\/v2\/product"}],"about":[{"href":"https:\/\/home-goods.cz\/wp-json\/wp\/v2\/types\/product"}],"replies":[{"embeddable":true,"href":"https:\/\/home-goods.cz\/wp-json\/wp\/v2\/comments?post=18720"}],"wp:featuredmedia":[{"embeddable":true,"href":"https:\/\/home-goods.cz\/wp-json\/wp\/v2\/media\/18723"}],"wp:attachment":[{"href":"https:\/\/home-goods.cz\/wp-json\/wp\/v2\/media?parent=18720"}],"wp:term":[{"taxonomy":"product_brand","embeddable":true,"href":"https:\/\/home-goods.cz\/wp-json\/wp\/v2\/product_brand?post=18720"},{"taxonomy":"product_cat","embeddable":true,"href":"https:\/\/home-goods.cz\/wp-json\/wp\/v2\/product_cat?post=18720"},{"taxonomy":"product_tag","embeddable":true,"href":"https:\/\/home-goods.cz\/wp-json\/wp\/v2\/product_tag?post=18720"}],"curies":[{"name":"wp","href":"https:\/\/api.w.org\/{rel}","templated":true}]}}