{"id":17192,"date":"2025-01-04T20:59:20","date_gmt":"2025-01-04T19:59:20","guid":{"rendered":"https:\/\/home-goods.cz\/?post_type=product&#038;p=17192"},"modified":"2025-03-23T21:58:26","modified_gmt":"2025-03-23T20:58:26","slug":"parkside-performance-cerpadlo-do-sudu-na-destovou-vodu-pprp-550-a1","status":"publish","type":"product","link":"https:\/\/home-goods.cz\/produkt\/parkside-performance-cerpadlo-do-sudu-na-destovou-vodu-pprp-550-a1\/","title":{"rendered":"PARKSIDE PERFORMANCE\u00ae \u010cerpadlo do sudu na de\u0161\u0165ovou vodu PPRP 550 A1"},"content":{"rendered":"<h2>PARKSIDE PERFORMANCE\u00ae \u010cerpadlo do sudu na de\u0161\u0165ovou vodu PPRP 550 A1<\/h2>\n<p><strong>Popis<\/strong><\/p>\n<ul>\n<li>Automatick\u00fd start stop syst\u00e9m \u2013 provoz \u010derpadla jen p\u0159i spu\u0161t\u011bn\u00ed zahradn\u00edho post\u0159ikova\u010de nebo zavla\u017eova\u010de<\/li>\n<li>Bez\u00fadr\u017ebov\u00fd 550 W elektromotor s mimo\u0159\u00e1dn\u011b vysok\u00fdm \u010derpac\u00edm v\u00fdkonem<\/li>\n<li>Ide\u00e1ln\u00ed k zavla\u017eov\u00e1n\u00ed rozlehl\u00fdch pozemk\u016f do v\u00fd\u0161kov\u00e9ho rozd\u00edlu a\u017e 20 m<\/li>\n<li>\u00dazk\u00e9 kompaktn\u00ed t\u011blo z nerezov\u00e9 oceli a nerezav\u011bj\u00edc\u00ed hlin\u00edkov\u00e9 trubky<\/li>\n<li>Tvarov\u011b stabiln\u00ed veden\u00ed hadice k zav\u011b\u0161en\u00ed do n\u00e1dr\u017ee na de\u0161\u0165ovou vodu<\/li>\n<li>Teleskopick\u00e1 funkce (cca 21 cm) pro snadn\u00e9 p\u0159izp\u016fsoben\u00ed se n\u00e1dob\u011b na vodu<\/li>\n<li>Hadicov\u00e1 rychlospojka s uzav\u00edrac\u00edm ventilem a regulac\u00ed mno\u017estv\u00ed<\/li>\n<li>Automatick\u00e9 bezpe\u010dnostn\u00ed vypnut\u00ed p\u0159i n\u00edzk\u00e9m stavu vody<\/li>\n<li>Integrovan\u00fd filtr na ne\u010distoty se snadn\u00fdm \u010di\u0161t\u011bn\u00edm<\/li>\n<li>Praktick\u00e9 dr\u017eadlo<\/li>\n<li>Vhodn\u00e9 pro \u010distou a m\u00edrn\u011b zne\u010dist\u011bnou vodu (velikost pevn\u00fdch \u010d\u00e1stic do cca 0,5 mm)<\/li>\n<li>Nacvak\u00e1vac\u00ed syst\u00e9m Parkside: vhodn\u00fd pro b\u011b\u017en\u00e9 hadicov\u00e9 syst\u00e9my<\/li>\n<li>V porovnan\u00ed s \u010derpadlem na de\u0161\u0165ovou vodu PARKSIDE PRP 400 B1:\n<ul>\n<li>A\u017e o 38 % vy\u0161\u0161\u00ed v\u00fdkon motoru<\/li>\n<li>A\u017e o 25 % v\u011bt\u0161\u00ed pr\u016ftok<\/li>\n<li>A\u017e o 54 % vy\u0161\u0161\u00ed dopravn\u00ed v\u00fd\u0161ka<\/li>\n<li>A\u017e o 54 % vy\u0161\u0161\u00ed pracovn\u00ed tlak<\/li>\n<\/ul>\n<\/li>\n<\/ul>\n<hr \/>\n<p><strong>Technick\u00e9 \u00fadaje<\/strong><\/p>\n<ul>\n<li>V\u00fdkon motoru: max. 550 W<\/li>\n<li>Max. pr\u016ftok: cca 5 000l\/h<\/li>\n<li>Max. dopravn\u00ed v\u00fd\u0161ka: cca 20 m<\/li>\n<li>Max. ponorn\u00e1 hloubka: cca 7 m<\/li>\n<li>Kompatibilita p\u0159ipojen\u00ed: b\u011b\u017en\u00e9 zahradn\u00ed hadicov\u00e9 n\u00e1str\u010dn\u00e9 syst\u00e9my<\/li>\n<li>Max. tlak: 2,0 bar<\/li>\n<li>P\u0159\u00edvodn\u00ed teplota: max. 35 \u00b0C<\/li>\n<\/ul>\n<hr \/>\n<p><strong>Rozm\u011bry<\/strong><\/p>\n<ul>\n<li>cca 37,5 x 15,5 x 15,8 cm (bez trubky)<\/li>\n<li>cca 92,4 x 35,3 x 15,8 cm (s trubkou)<\/li>\n<li>D\u00e9lka s\u00ed\u0165ov\u00e9ho kabelu: cca 10 m<\/li>\n<\/ul>\n<hr \/>\n<p><strong>Hmotnost<\/strong><\/p>\n<ul>\n<li>cca 5,9 kg<\/li>\n<\/ul>\n","protected":false},"excerpt":{"rendered":"<p>PARKSIDE PERFORMANCE\u00ae \u010cerpadlo do sudu na de\u0161\u0165ovou vodu PPRP 550 A1 Popis Automatick\u00fd start stop syst\u00e9m \u2013 provoz \u010derpadla jen [&hellip;]<\/p>\n","protected":false},"featured_media":17193,"comment_status":"open","ping_status":"closed","template":"","meta":{"_uag_custom_page_level_css":"","site-sidebar-layout":"default","site-content-layout":"","ast-site-content-layout":"","site-content-style":"default","site-sidebar-style":"default","ast-global-header-display":"","ast-banner-title-visibility":"","ast-main-header-display":"","ast-hfb-above-header-display":"","ast-hfb-below-header-display":"","ast-hfb-mobile-header-display":"","site-post-title":"","ast-breadcrumbs-content":"","ast-featured-img":"","footer-sml-layout":"","theme-transparent-header-meta":"","adv-header-id-meta":"","stick-header-meta":"","header-above-stick-meta":"","header-main-stick-meta":"","header-below-stick-meta":"","astra-migrate-meta-layouts":"default","ast-page-background-enabled":"default","ast-page-background-meta":{"desktop":{"background-color":"var(--ast-global-color-4)","background-image":"","background-repeat":"repeat","background-position":"center center","background-size":"auto","background-attachment":"scroll","background-type":"","background-media":"","overlay-type":"","overlay-color":"","overlay-opacity":"","overlay-gradient":""},"tablet":{"background-color":"","background-image":"","background-repeat":"repeat","background-position":"center center","background-size":"auto","background-attachment":"scroll","background-type":"","background-media":"","overlay-type":"","overlay-color":"","overlay-opacity":"","overlay-gradient":""},"mobile":{"background-color":"","background-image":"","background-repeat":"repeat","background-position":"center center","background-size":"auto","background-attachment":"scroll","background-type":"","background-media":"","overlay-type":"","overlay-color":"","overlay-opacity":"","overlay-gradient":""}},"ast-content-background-meta":{"desktop":{"background-color":"var(--ast-global-color-5)","background-image":"","background-repeat":"repeat","background-position":"center center","background-size":"auto","background-attachment":"scroll","background-type":"","background-media":"","overlay-type":"","overlay-color":"","overlay-opacity":"","overlay-gradient":""},"tablet":{"background-color":"var(--ast-global-color-5)","background-image":"","background-repeat":"repeat","background-position":"center center","background-size":"auto","background-attachment":"scroll","background-type":"","background-media":"","overlay-type":"","overlay-color":"","overlay-opacity":"","overlay-gradient":""},"mobile":{"background-color":"var(--ast-global-color-5)","background-image":"","background-repeat":"repeat","background-position":"center center","background-size":"auto","background-attachment":"scroll","background-type":"","background-media":"","overlay-type":"","overlay-color":"","overlay-opacity":"","overlay-gradient":""}}},"product_brand":[99],"product_cat":[71],"product_tag":[],"class_list":{"0":"post-17192","1":"product","2":"type-product","3":"status-publish","4":"has-post-thumbnail","6":"product_brand-parkside","7":"product_cat-dilna-a-zahrada","8":"desktop-align-left","9":"tablet-align-left","10":"mobile-align-left","12":"first","13":"outofstock","14":"sale","15":"shipping-taxable","16":"purchasable","17":"product-type-simple"},"uagb_featured_image_src":{"full":["https:\/\/home-goods.cz\/wp-content\/uploads\/2025\/01\/gcp42ad692f3d8b4a01904ac4909a622.jpg",1500,1125,false],"thumbnail":["https:\/\/home-goods.cz\/wp-content\/uploads\/2025\/01\/gcp42ad692f3d8b4a01904ac4909a622-150x150.jpg",150,150,true],"medium":["https:\/\/home-goods.cz\/wp-content\/uploads\/2025\/01\/gcp42ad692f3d8b4a01904ac4909a622-400x300.jpg",400,300,true],"medium_large":["https:\/\/home-goods.cz\/wp-content\/uploads\/2025\/01\/gcp42ad692f3d8b4a01904ac4909a622-768x576.jpg",768,576,true],"large":["https:\/\/home-goods.cz\/wp-content\/uploads\/2025\/01\/gcp42ad692f3d8b4a01904ac4909a622-1067x800.jpg",1067,800,true],"1536x1536":["https:\/\/home-goods.cz\/wp-content\/uploads\/2025\/01\/gcp42ad692f3d8b4a01904ac4909a622.jpg",1500,1125,false],"2048x2048":["https:\/\/home-goods.cz\/wp-content\/uploads\/2025\/01\/gcp42ad692f3d8b4a01904ac4909a622.jpg",1500,1125,false],"woocommerce_thumbnail":["https:\/\/home-goods.cz\/wp-content\/uploads\/2025\/01\/gcp42ad692f3d8b4a01904ac4909a622-600x450.jpg",600,450,true],"woocommerce_single":["https:\/\/home-goods.cz\/wp-content\/uploads\/2025\/01\/gcp42ad692f3d8b4a01904ac4909a622-700x525.jpg",700,525,true],"woocommerce_gallery_thumbnail":["https:\/\/home-goods.cz\/wp-content\/uploads\/2025\/01\/gcp42ad692f3d8b4a01904ac4909a622-100x100.jpg",100,100,true]},"uagb_author_info":{"display_name":"Nahorniuk Vladyslav","author_link":"https:\/\/home-goods.cz\/author\/"},"uagb_comment_info":0,"uagb_excerpt":"PARKSIDE PERFORMANCE\u00ae \u010cerpadlo do sudu na de\u0161\u0165ovou vodu PPRP 550 A1 Popis Automatick\u00fd start stop syst\u00e9m \u2013 provoz \u010derpadla jen [&hellip;]","_links":{"self":[{"href":"https:\/\/home-goods.cz\/wp-json\/wp\/v2\/product\/17192","targetHints":{"allow":["GET"]}}],"collection":[{"href":"https:\/\/home-goods.cz\/wp-json\/wp\/v2\/product"}],"about":[{"href":"https:\/\/home-goods.cz\/wp-json\/wp\/v2\/types\/product"}],"replies":[{"embeddable":true,"href":"https:\/\/home-goods.cz\/wp-json\/wp\/v2\/comments?post=17192"}],"wp:featuredmedia":[{"embeddable":true,"href":"https:\/\/home-goods.cz\/wp-json\/wp\/v2\/media\/17193"}],"wp:attachment":[{"href":"https:\/\/home-goods.cz\/wp-json\/wp\/v2\/media?parent=17192"}],"wp:term":[{"taxonomy":"product_brand","embeddable":true,"href":"https:\/\/home-goods.cz\/wp-json\/wp\/v2\/product_brand?post=17192"},{"taxonomy":"product_cat","embeddable":true,"href":"https:\/\/home-goods.cz\/wp-json\/wp\/v2\/product_cat?post=17192"},{"taxonomy":"product_tag","embeddable":true,"href":"https:\/\/home-goods.cz\/wp-json\/wp\/v2\/product_tag?post=17192"}],"curies":[{"name":"wp","href":"https:\/\/api.w.org\/{rel}","templated":true}]}}