{"id":16879,"date":"2024-12-16T15:42:10","date_gmt":"2024-12-16T14:42:10","guid":{"rendered":"https:\/\/home-goods.cz\/?product=silvercrest-naparovaci-kartac-sdrb-1000-b1-sodrb-1000-b1"},"modified":"2025-03-03T13:06:59","modified_gmt":"2025-03-03T12:06:59","slug":"silvercrest-naparovaci-kartac-sdrb-1000-b1-sodrb-1000-b1","status":"publish","type":"product","link":"https:\/\/home-goods.cz\/produkt\/silvercrest-naparovaci-kartac-sdrb-1000-b1-sodrb-1000-b1\/","title":{"rendered":"SILVERCREST\u00ae Napa\u0159ovac\u00ed kart\u00e1\u010d SDRB 1000 B1 \/ SODRB 1000 B1"},"content":{"rendered":"<h2><strong>SILVERCREST\u00ae Napa\u0159ovac\u00ed kart\u00e1\u010d SDRB 1000 B1 \/ SODRB 1000 B1<\/strong><\/h2>\n<div class=\"product-detail-container\" id=\"detailtab1\">\n<div class=\"r no-m\">\n<div class=\"c-2\" style=\"padding-right: 0.5rem\">\n<div class=\"space p-r p-tb\" style=\"padding-bottom: 0.5rem;padding-top: 0.5rem\"><b style=\"font-weight: 700;font-size: 1rem\">Popis<\/b><\/div>\n<\/div>\n<div class=\"c-8\">\n<div class=\"space p-tb\" style=\"padding-bottom: 0.5rem;padding-top: 0.5rem\">\n<ul style=\"margin-bottom: 0px;margin-top: 0px;padding-left: 1.5rem\">\n<li>S nep\u0159ilnavou \u017eehlic\u00ed plochou 4 v 1:<span class=\"Apple-converted-space\">&nbsp;<\/span>\n<ul style=\"margin-bottom: 0px;margin-top: 0px;padding-left: 1.5rem\">\n<li>\u017eehlen\u00ed<\/li>\n<li>napa\u0159ov\u00e1n\u00ed (parn\u00ed r\u00e1z)<\/li>\n<li>kart\u00e1\u010dov\u00e1n\u00ed<\/li>\n<li>od\u017emolkov\u00e1n\u00ed<\/li>\n<\/ul>\n<\/li>\n<li>Odn\u00edmateln\u00e1 n\u00e1dr\u017eka na vodu (cca 70 ml)<\/li>\n<li>Plynul\u00e1 regulace teploty a tla\u010d\u00edtko parn\u00edho r\u00e1zu<\/li>\n<li>Kontrolka pro zobrazen\u00ed f\u00e1ze zah\u0159\u00edv\u00e1n\u00ed<\/li>\n<li>Integrovan\u00fd stoj\u00e1nek na odlo\u017een\u00ed a praktick\u00e9 oko na zav\u011b\u0161en\u00ed<\/li>\n<li>V\u010detn\u011b plnic\u00ed n\u00e1dobky a odn\u00edmateln\u00e9ho kart\u00e1\u010dov\u00e9ho n\u00e1stavce<\/li>\n<li>Za 60 vte\u0159in p\u0159ipraven\u00fd k provozu<\/li>\n<\/ul>\n<\/div>\n<\/div>\n<hr style=\"height: 0px;overflow: visible;border-width: 0.0625rem medium medium;border-style: solid none none;margin: 1rem 0px\">\n<div class=\"c-2\" style=\"padding-right: 0.5rem\">\n<div class=\"space p-r p-tb\" style=\"padding-bottom: 0.5rem;padding-top: 0.5rem\"><b style=\"font-weight: 700;font-size: 1rem\">Technick\u00e9 \u00fadaje<\/b><\/div>\n<\/div>\n<div class=\"c-8\">\n<div class=\"space p-tb\" style=\"padding-bottom: 0.5rem;padding-top: 0.5rem\">\n<ul style=\"margin-bottom: 0px;margin-top: 0px;padding-left: 1.5rem\">\n<li>P\u0159\u00edkon: 1 000 W<\/li>\n<\/ul>\n<\/div>\n<\/div>\n<hr style=\"height: 0px;overflow: visible;border-width: 0.0625rem medium medium;border-style: solid none none;margin: 1rem 0px\">\n<div class=\"c-2\" style=\"padding-right: 0.5rem\">\n<div class=\"space p-r p-tb\" style=\"padding-bottom: 0.5rem;padding-top: 0.5rem\"><b style=\"font-weight: 700;font-size: 1rem\">Rozm\u011bry<\/b><\/div>\n<\/div>\n<div class=\"c-8\">\n<div class=\"space p-tb\" style=\"padding-bottom: 0.5rem;padding-top: 0.5rem\">\n<ul style=\"margin-bottom: 0px;margin-top: 0px;padding-left: 1.5rem\">\n<li>cca 379 x 95 x 122 mm<\/li>\n<\/ul>\n<\/div>\n<\/div>\n<hr style=\"height: 0px;overflow: visible;border-width: 0.0625rem medium medium;border-style: solid none none;margin: 1rem 0px\">\n<div class=\"c-2\" style=\"padding-right: 0.5rem\">\n<div class=\"space p-r p-tb\" style=\"padding-bottom: 0.5rem;padding-top: 0.5rem\"><b style=\"font-weight: 700;font-size: 1rem\">Hmotnost<\/b><\/div>\n<\/div>\n<div class=\"c-8\">\n<div class=\"space p-tb\" style=\"padding-bottom: 0.5rem;padding-top: 0.5rem\">\n<ul style=\"margin-bottom: 0px;margin-top: 0px;padding-left: 1.5rem\">\n<li>cca 814 g<\/li>\n<\/ul>\n<\/div>\n<\/div>\n<\/div>\n<\/div>\n","protected":false},"excerpt":{"rendered":"<p>SILVERCREST\u00ae Napa\u0159ovac\u00ed kart\u00e1\u010d SDRB 1000 B1 \/ SODRB 1000 B1 Popis S nep\u0159ilnavou \u017eehlic\u00ed plochou 4 v 1:&nbsp; \u017eehlen\u00ed napa\u0159ov\u00e1n\u00ed [&hellip;]<\/p>\n","protected":false},"featured_media":16874,"comment_status":"open","ping_status":"closed","template":"","meta":{"_uag_custom_page_level_css":"","site-sidebar-layout":"default","site-content-layout":"","ast-site-content-layout":"","site-content-style":"default","site-sidebar-style":"default","ast-global-header-display":"","ast-banner-title-visibility":"","ast-main-header-display":"","ast-hfb-above-header-display":"","ast-hfb-below-header-display":"","ast-hfb-mobile-header-display":"","site-post-title":"","ast-breadcrumbs-content":"","ast-featured-img":"","footer-sml-layout":"","theme-transparent-header-meta":"","adv-header-id-meta":"","stick-header-meta":"","header-above-stick-meta":"","header-main-stick-meta":"","header-below-stick-meta":"","astra-migrate-meta-layouts":"default","ast-page-background-enabled":"default","ast-page-background-meta":{"desktop":{"background-color":"var(--ast-global-color-4)","background-image":"","background-repeat":"repeat","background-position":"center center","background-size":"auto","background-attachment":"scroll","background-type":"","background-media":"","overlay-type":"","overlay-color":"","overlay-opacity":"","overlay-gradient":""},"tablet":{"background-color":"","background-image":"","background-repeat":"repeat","background-position":"center center","background-size":"auto","background-attachment":"scroll","background-type":"","background-media":"","overlay-type":"","overlay-color":"","overlay-opacity":"","overlay-gradient":""},"mobile":{"background-color":"","background-image":"","background-repeat":"repeat","background-position":"center center","background-size":"auto","background-attachment":"scroll","background-type":"","background-media":"","overlay-type":"","overlay-color":"","overlay-opacity":"","overlay-gradient":""}},"ast-content-background-meta":{"desktop":{"background-color":"var(--ast-global-color-5)","background-image":"","background-repeat":"repeat","background-position":"center center","background-size":"auto","background-attachment":"scroll","background-type":"","background-media":"","overlay-type":"","overlay-color":"","overlay-opacity":"","overlay-gradient":""},"tablet":{"background-color":"var(--ast-global-color-5)","background-image":"","background-repeat":"repeat","background-position":"center center","background-size":"auto","background-attachment":"scroll","background-type":"","background-media":"","overlay-type":"","overlay-color":"","overlay-opacity":"","overlay-gradient":""},"mobile":{"background-color":"var(--ast-global-color-5)","background-image":"","background-repeat":"repeat","background-position":"center center","background-size":"auto","background-attachment":"scroll","background-type":"","background-media":"","overlay-type":"","overlay-color":"","overlay-opacity":"","overlay-gradient":""}}},"product_brand":[98],"product_cat":[78],"product_tag":[],"class_list":{"0":"post-16879","1":"product","2":"type-product","3":"status-publish","4":"has-post-thumbnail","6":"product_brand-silvercrest","7":"product_cat-domaci-technika","8":"desktop-align-left","9":"tablet-align-left","10":"mobile-align-left","12":"first","13":"instock","14":"sale","15":"shipping-taxable","16":"purchasable","17":"product-type-simple"},"uagb_featured_image_src":{"full":["https:\/\/home-goods.cz\/wp-content\/uploads\/2024\/12\/img_0315.jpeg",772,579,false],"thumbnail":["https:\/\/home-goods.cz\/wp-content\/uploads\/2024\/12\/img_0315-150x150.jpeg",150,150,true],"medium":["https:\/\/home-goods.cz\/wp-content\/uploads\/2024\/12\/img_0315-400x300.jpeg",400,300,true],"medium_large":["https:\/\/home-goods.cz\/wp-content\/uploads\/2024\/12\/img_0315-768x576.jpeg",768,576,true],"large":["https:\/\/home-goods.cz\/wp-content\/uploads\/2024\/12\/img_0315.jpeg",772,579,false],"1536x1536":["https:\/\/home-goods.cz\/wp-content\/uploads\/2024\/12\/img_0315.jpeg",772,579,false],"2048x2048":["https:\/\/home-goods.cz\/wp-content\/uploads\/2024\/12\/img_0315.jpeg",772,579,false],"woocommerce_thumbnail":["https:\/\/home-goods.cz\/wp-content\/uploads\/2024\/12\/img_0315-600x450.jpeg",600,450,true],"woocommerce_single":["https:\/\/home-goods.cz\/wp-content\/uploads\/2024\/12\/img_0315-700x525.jpeg",700,525,true],"woocommerce_gallery_thumbnail":["https:\/\/home-goods.cz\/wp-content\/uploads\/2024\/12\/img_0315-100x100.jpeg",100,100,true]},"uagb_author_info":{"display_name":"Nahorniuk Vladyslav","author_link":"https:\/\/home-goods.cz\/author\/"},"uagb_comment_info":0,"uagb_excerpt":"SILVERCREST\u00ae Napa\u0159ovac\u00ed kart\u00e1\u010d SDRB 1000 B1 \/ SODRB 1000 B1 Popis S nep\u0159ilnavou \u017eehlic\u00ed plochou 4 v 1:&nbsp; \u017eehlen\u00ed napa\u0159ov\u00e1n\u00ed [&hellip;]","_links":{"self":[{"href":"https:\/\/home-goods.cz\/wp-json\/wp\/v2\/product\/16879","targetHints":{"allow":["GET"]}}],"collection":[{"href":"https:\/\/home-goods.cz\/wp-json\/wp\/v2\/product"}],"about":[{"href":"https:\/\/home-goods.cz\/wp-json\/wp\/v2\/types\/product"}],"replies":[{"embeddable":true,"href":"https:\/\/home-goods.cz\/wp-json\/wp\/v2\/comments?post=16879"}],"wp:featuredmedia":[{"embeddable":true,"href":"https:\/\/home-goods.cz\/wp-json\/wp\/v2\/media\/16874"}],"wp:attachment":[{"href":"https:\/\/home-goods.cz\/wp-json\/wp\/v2\/media?parent=16879"}],"wp:term":[{"taxonomy":"product_brand","embeddable":true,"href":"https:\/\/home-goods.cz\/wp-json\/wp\/v2\/product_brand?post=16879"},{"taxonomy":"product_cat","embeddable":true,"href":"https:\/\/home-goods.cz\/wp-json\/wp\/v2\/product_cat?post=16879"},{"taxonomy":"product_tag","embeddable":true,"href":"https:\/\/home-goods.cz\/wp-json\/wp\/v2\/product_tag?post=16879"}],"curies":[{"name":"wp","href":"https:\/\/api.w.org\/{rel}","templated":true}]}}