{"id":16865,"date":"2024-12-16T15:39:05","date_gmt":"2024-12-16T14:39:05","guid":{"rendered":"https:\/\/home-goods.cz\/?product=universalni-paska-3m-50-mm-50-m-duct-tape-cerna"},"modified":"2026-03-05T07:47:56","modified_gmt":"2026-03-05T06:47:56","slug":"universalni-paska-3m-50-mm-50-m-duct-tape-cerna","status":"publish","type":"product","link":"https:\/\/home-goods.cz\/produkt\/universalni-paska-3m-50-mm-50-m-duct-tape-cerna\/","title":{"rendered":"Vysokoz\u00e1t\u011b\u017eov\u00e1 lep\u00edc\u00ed p\u00e1ska -3M &#8211; DUCT TAPE (50mm x 50m)"},"content":{"rendered":"<p>Univerz\u00e1ln\u00ed lep\u00edc\u00ed p\u00e1ska 3M DUCT-TAPE m\u00e1 velmi \u0161irok\u00e9&nbsp;vyu\u017eit\u00ed. Lze s n\u00ed spravovat praskl\u00e9 hadice, plasty a jin\u00e9 materi\u00e1ly, pou\u017e\u00edt se daj\u00ed i k drobn\u00fdm oprav\u00e1m automobil\u016f.&nbsp;Je velmi v\u0161estrann\u00e1 s vysokou lepivost\u00ed. Je jednostrann\u011b lep\u00edc\u00ed, p\u0159\u00ed\u010dn\u011b p\u0159etr\u017eiteln\u00e1, vyztu\u017een\u00e1 bavln\u011bnou tkaninou. Univerz\u00e1ln\u00ed p\u00e1sky jsou velmi pevn\u00e9 v tahu, maj\u00ed vysokou UV odolnost a dr\u017e\u00ed i na hrub\u0161\u00edm povrchu.<\/p>\n<p>&nbsp;<\/p>\n<h3><strong><font style=\"margin: 0px;padding: 0px;font-family: Poppins, sans-serif;font-feature-settings\">Vlastnosti&nbsp;lep\u00edc\u00ed p\u00e1sky<\/font><\/strong><\/h3>\n<ul>\n<li>\u0161\u00ed\u0159ka 50 mm<\/li>\n<li>n\u00e1vin 50 m<\/li>\n<li>materi\u00e1l textiln\u00ed nosi\u010d laminovan\u00fd polyetylenem, vodot\u011bsn\u00fd<\/li>\n<li>lepidlo syntetick\u00fd&nbsp;kau\u010duk<\/li>\n<li>barva \u010dern\u00e1<\/li>\n<li>s\u00edla celkem 0,147 mm<\/li>\n<li>teplotn\u00ed odolnost&nbsp;a\u017e +93\u00b0C<\/li>\n<li>aplika\u010dn\u00ed teplota od +5\u00b0C<\/li>\n<\/ul>\n","protected":false},"excerpt":{"rendered":"<p>Univerz\u00e1ln\u00ed lep\u00edc\u00ed p\u00e1ska 3M DUCT-TAPE m\u00e1 velmi \u0161irok\u00e9&nbsp;vyu\u017eit\u00ed. Lze s n\u00ed spravovat praskl\u00e9 hadice, plasty a jin\u00e9 materi\u00e1ly, pou\u017e\u00edt se [&hellip;]<\/p>\n","protected":false},"featured_media":18300,"comment_status":"open","ping_status":"closed","template":"","meta":{"_uag_custom_page_level_css":"","site-sidebar-layout":"default","site-content-layout":"","ast-site-content-layout":"","site-content-style":"default","site-sidebar-style":"default","ast-global-header-display":"","ast-banner-title-visibility":"","ast-main-header-display":"","ast-hfb-above-header-display":"","ast-hfb-below-header-display":"","ast-hfb-mobile-header-display":"","site-post-title":"","ast-breadcrumbs-content":"","ast-featured-img":"","footer-sml-layout":"","theme-transparent-header-meta":"","adv-header-id-meta":"","stick-header-meta":"","header-above-stick-meta":"","header-main-stick-meta":"","header-below-stick-meta":"","astra-migrate-meta-layouts":"default","ast-page-background-enabled":"default","ast-page-background-meta":{"desktop":{"background-color":"var(--ast-global-color-4)","background-image":"","background-repeat":"repeat","background-position":"center center","background-size":"auto","background-attachment":"scroll","background-type":"","background-media":"","overlay-type":"","overlay-color":"","overlay-opacity":"","overlay-gradient":""},"tablet":{"background-color":"","background-image":"","background-repeat":"repeat","background-position":"center center","background-size":"auto","background-attachment":"scroll","background-type":"","background-media":"","overlay-type":"","overlay-color":"","overlay-opacity":"","overlay-gradient":""},"mobile":{"background-color":"","background-image":"","background-repeat":"repeat","background-position":"center center","background-size":"auto","background-attachment":"scroll","background-type":"","background-media":"","overlay-type":"","overlay-color":"","overlay-opacity":"","overlay-gradient":""}},"ast-content-background-meta":{"desktop":{"background-color":"var(--ast-global-color-5)","background-image":"","background-repeat":"repeat","background-position":"center center","background-size":"auto","background-attachment":"scroll","background-type":"","background-media":"","overlay-type":"","overlay-color":"","overlay-opacity":"","overlay-gradient":""},"tablet":{"background-color":"var(--ast-global-color-5)","background-image":"","background-repeat":"repeat","background-position":"center center","background-size":"auto","background-attachment":"scroll","background-type":"","background-media":"","overlay-type":"","overlay-color":"","overlay-opacity":"","overlay-gradient":""},"mobile":{"background-color":"var(--ast-global-color-5)","background-image":"","background-repeat":"repeat","background-position":"center center","background-size":"auto","background-attachment":"scroll","background-type":"","background-media":"","overlay-type":"","overlay-color":"","overlay-opacity":"","overlay-gradient":""}}},"product_brand":[],"product_cat":[71],"product_tag":[],"class_list":{"0":"post-16865","1":"product","2":"type-product","3":"status-publish","4":"has-post-thumbnail","6":"product_cat-dilna-a-zahrada","7":"desktop-align-left","8":"tablet-align-left","9":"mobile-align-left","11":"first","12":"outofstock","13":"sale","14":"shipping-taxable","15":"purchasable","16":"product-type-simple"},"uagb_featured_image_src":{"full":["https:\/\/home-goods.cz\/wp-content\/uploads\/2024\/12\/img_1329.jpeg",730,730,false],"thumbnail":["https:\/\/home-goods.cz\/wp-content\/uploads\/2024\/12\/img_1329-150x150.jpeg",150,150,true],"medium":["https:\/\/home-goods.cz\/wp-content\/uploads\/2024\/12\/img_1329-300x300.jpeg",300,300,true],"medium_large":["https:\/\/home-goods.cz\/wp-content\/uploads\/2024\/12\/img_1329.jpeg",730,730,false],"large":["https:\/\/home-goods.cz\/wp-content\/uploads\/2024\/12\/img_1329.jpeg",730,730,false],"1536x1536":["https:\/\/home-goods.cz\/wp-content\/uploads\/2024\/12\/img_1329.jpeg",730,730,false],"2048x2048":["https:\/\/home-goods.cz\/wp-content\/uploads\/2024\/12\/img_1329.jpeg",730,730,false],"woocommerce_thumbnail":["https:\/\/home-goods.cz\/wp-content\/uploads\/2024\/12\/img_1329-600x600.jpeg",600,600,true],"woocommerce_single":["https:\/\/home-goods.cz\/wp-content\/uploads\/2024\/12\/img_1329-700x700.jpeg",700,700,true],"woocommerce_gallery_thumbnail":["https:\/\/home-goods.cz\/wp-content\/uploads\/2024\/12\/img_1329-100x100.jpeg",100,100,true]},"uagb_author_info":{"display_name":"Nahorniuk Vladyslav","author_link":"https:\/\/home-goods.cz\/author\/"},"uagb_comment_info":0,"uagb_excerpt":"Univerz\u00e1ln\u00ed lep\u00edc\u00ed p\u00e1ska 3M DUCT-TAPE m\u00e1 velmi \u0161irok\u00e9&nbsp;vyu\u017eit\u00ed. Lze s n\u00ed spravovat praskl\u00e9 hadice, plasty a jin\u00e9 materi\u00e1ly, pou\u017e\u00edt se [&hellip;]","_links":{"self":[{"href":"https:\/\/home-goods.cz\/wp-json\/wp\/v2\/product\/16865","targetHints":{"allow":["GET"]}}],"collection":[{"href":"https:\/\/home-goods.cz\/wp-json\/wp\/v2\/product"}],"about":[{"href":"https:\/\/home-goods.cz\/wp-json\/wp\/v2\/types\/product"}],"replies":[{"embeddable":true,"href":"https:\/\/home-goods.cz\/wp-json\/wp\/v2\/comments?post=16865"}],"wp:featuredmedia":[{"embeddable":true,"href":"https:\/\/home-goods.cz\/wp-json\/wp\/v2\/media\/18300"}],"wp:attachment":[{"href":"https:\/\/home-goods.cz\/wp-json\/wp\/v2\/media?parent=16865"}],"wp:term":[{"taxonomy":"product_brand","embeddable":true,"href":"https:\/\/home-goods.cz\/wp-json\/wp\/v2\/product_brand?post=16865"},{"taxonomy":"product_cat","embeddable":true,"href":"https:\/\/home-goods.cz\/wp-json\/wp\/v2\/product_cat?post=16865"},{"taxonomy":"product_tag","embeddable":true,"href":"https:\/\/home-goods.cz\/wp-json\/wp\/v2\/product_tag?post=16865"}],"curies":[{"name":"wp","href":"https:\/\/api.w.org\/{rel}","templated":true}]}}