{"id":15820,"date":"2024-10-11T14:30:58","date_gmt":"2024-10-11T12:30:58","guid":{"rendered":"https:\/\/home-goods.cz\/?product=silvercrest-personal-care-cistici-kartacek-na-oblicej-sgrb-3-b3"},"modified":"2025-03-03T13:07:15","modified_gmt":"2025-03-03T12:07:15","slug":"silvercrest-personal-care-cistici-kartacek-na-oblicej-sgrb-3-b3","status":"publish","type":"product","link":"https:\/\/home-goods.cz\/produkt\/silvercrest-personal-care-cistici-kartacek-na-oblicej-sgrb-3-b3\/","title":{"rendered":"SILVERCREST\u00ae PERSONAL CARE \u010cistic\u00ed kart\u00e1\u010dek na obli\u010dej SGRB 3 B3"},"content":{"rendered":"<p>SILVERCREST\u00ae PERSONAL CARE \u010cistic\u00ed kart\u00e1\u010dek na obli\u010dej SGRB 3 B3<br \/>\nPopis<br \/>\nNa \u010di\u0161t\u011bn\u00ed \u010dela, tv\u00e1\u0159\u00ed, nosu a brady<br \/>\nPro ka\u017edodenn\u00ed \u010di\u0161t\u011bn\u00ed a p\u00e9\u010di o norm\u00e1ln\u00ed, mastnou a citlivou ple\u0165<br \/>\nJemn\u011b odstra\u0148uje odum\u0159el\u00e9 ko\u017en\u00ed bu\u0148ky, \u010dist\u00ed do hloubky p\u00f3r\u016f a o\u017eivuje mdlou a unavenou ple\u0165<br \/>\nPro citliv\u00e9 typy pleti<br \/>\n\u010ci\u0161t\u011bn\u00ed p\u00f3r\u016f do hloubky rotac\u00ed<br \/>\n2 stupn\u011b intenzity<br \/>\nT\u011bleso chr\u00e1n\u011bn\u00e9 proti siln\u00e9mu proudu vody (IPX6)<br \/>\n4 kart\u00e1\u010dov\u00e9 n\u00e1stavce:<br \/>\n1x b\u011b\u017en\u00fd kart\u00e1\u010dov\u00fd n\u00e1stavec<br \/>\n1x m\u011bkk\u00fd kart\u00e1\u010dov\u00fd n\u00e1stavec<br \/>\n1x mas\u00e1\u017en\u00ed kart\u00e1\u010dov\u00fd n\u00e1stavec<br \/>\n1x peelingov\u00fd kart\u00e1\u010dov\u00fd n\u00e1stavec<br \/>\nErgonomicky tvarovan\u00fd<br \/>\nIde\u00e1ln\u00ed pro uvoln\u011bn\u00ed nap\u011bt\u00ed v obli\u010dejov\u00fdch svalech<br \/>\nV\u010detn\u011b nastaviteln\u00e9ho 20sekundov\u00e9ho intervalu<br \/>\nVyp\u00edna\u010d s kontrolkou provozu<br \/>\nIndik\u00e1tor slab\u00e9 baterie<br \/>\nProvoz na baterie (v\u010detn\u011b 2x 1,5 V bateri\u00ed AAA)<br \/>\nMateri\u00e1l<br \/>\nP\u0159\u00edstroj: ABS<br \/>\nRozm\u011bry<br \/>\ncca 16 x 5,2 x 4,4 cm<br \/>\nHmotnost<br \/>\ncca 107 g<\/p>\n","protected":false},"excerpt":{"rendered":"<p>4 kart\u00e1\u010dov\u00e9 n\u00e1stavce | 2 stupn\u011b intenzity | ochrana proti proudu vody IPX6 | provoz na baterie 2x 1,5 V AAA<\/p>\n","protected":false},"featured_media":15819,"comment_status":"open","ping_status":"closed","template":"","meta":{"_uag_custom_page_level_css":"","site-sidebar-layout":"default","site-content-layout":"","ast-site-content-layout":"","site-content-style":"default","site-sidebar-style":"default","ast-global-header-display":"","ast-banner-title-visibility":"","ast-main-header-display":"","ast-hfb-above-header-display":"","ast-hfb-below-header-display":"","ast-hfb-mobile-header-display":"","site-post-title":"","ast-breadcrumbs-content":"","ast-featured-img":"","footer-sml-layout":"","theme-transparent-header-meta":"","adv-header-id-meta":"","stick-header-meta":"","header-above-stick-meta":"","header-main-stick-meta":"","header-below-stick-meta":"","astra-migrate-meta-layouts":"default","ast-page-background-enabled":"default","ast-page-background-meta":{"desktop":{"background-color":"var(--ast-global-color-4)","background-image":"","background-repeat":"repeat","background-position":"center center","background-size":"auto","background-attachment":"scroll","background-type":"","background-media":"","overlay-type":"","overlay-color":"","overlay-opacity":"","overlay-gradient":""},"tablet":{"background-color":"","background-image":"","background-repeat":"repeat","background-position":"center center","background-size":"auto","background-attachment":"scroll","background-type":"","background-media":"","overlay-type":"","overlay-color":"","overlay-opacity":"","overlay-gradient":""},"mobile":{"background-color":"","background-image":"","background-repeat":"repeat","background-position":"center center","background-size":"auto","background-attachment":"scroll","background-type":"","background-media":"","overlay-type":"","overlay-color":"","overlay-opacity":"","overlay-gradient":""}},"ast-content-background-meta":{"desktop":{"background-color":"var(--ast-global-color-5)","background-image":"","background-repeat":"repeat","background-position":"center center","background-size":"auto","background-attachment":"scroll","background-type":"","background-media":"","overlay-type":"","overlay-color":"","overlay-opacity":"","overlay-gradient":""},"tablet":{"background-color":"var(--ast-global-color-5)","background-image":"","background-repeat":"repeat","background-position":"center center","background-size":"auto","background-attachment":"scroll","background-type":"","background-media":"","overlay-type":"","overlay-color":"","overlay-opacity":"","overlay-gradient":""},"mobile":{"background-color":"var(--ast-global-color-5)","background-image":"","background-repeat":"repeat","background-position":"center center","background-size":"auto","background-attachment":"scroll","background-type":"","background-media":"","overlay-type":"","overlay-color":"","overlay-opacity":"","overlay-gradient":""}}},"product_brand":[98],"product_cat":[75],"product_tag":[],"class_list":{"0":"post-15820","1":"product","2":"type-product","3":"status-publish","4":"has-post-thumbnail","6":"product_brand-silvercrest","7":"product_cat-pece-o-telo-a-zdravi","8":"desktop-align-left","9":"tablet-align-left","10":"mobile-align-left","12":"first","13":"instock","14":"shipping-taxable","15":"purchasable","16":"product-type-simple"},"uagb_featured_image_src":{"full":["https:\/\/home-goods.cz\/wp-content\/uploads\/2024\/10\/gcpe8c66c7625bd438a8c1e8f6f48d35a70.jpeg",1500,1125,false],"thumbnail":["https:\/\/home-goods.cz\/wp-content\/uploads\/2024\/10\/gcpe8c66c7625bd438a8c1e8f6f48d35a70.jpeg",150,113,false],"medium":["https:\/\/home-goods.cz\/wp-content\/uploads\/2024\/10\/gcpe8c66c7625bd438a8c1e8f6f48d35a70.jpeg",400,300,false],"medium_large":["https:\/\/home-goods.cz\/wp-content\/uploads\/2024\/10\/gcpe8c66c7625bd438a8c1e8f6f48d35a70.jpeg",768,576,false],"large":["https:\/\/home-goods.cz\/wp-content\/uploads\/2024\/10\/gcpe8c66c7625bd438a8c1e8f6f48d35a70.jpeg",1067,800,false],"1536x1536":["https:\/\/home-goods.cz\/wp-content\/uploads\/2024\/10\/gcpe8c66c7625bd438a8c1e8f6f48d35a70.jpeg",1500,1125,false],"2048x2048":["https:\/\/home-goods.cz\/wp-content\/uploads\/2024\/10\/gcpe8c66c7625bd438a8c1e8f6f48d35a70.jpeg",1500,1125,false],"woocommerce_thumbnail":["https:\/\/home-goods.cz\/wp-content\/uploads\/2024\/10\/gcpe8c66c7625bd438a8c1e8f6f48d35a70-600x450.jpeg",600,450,true],"woocommerce_single":["https:\/\/home-goods.cz\/wp-content\/uploads\/2024\/10\/gcpe8c66c7625bd438a8c1e8f6f48d35a70-700x525.jpeg",700,525,true],"woocommerce_gallery_thumbnail":["https:\/\/home-goods.cz\/wp-content\/uploads\/2024\/10\/gcpe8c66c7625bd438a8c1e8f6f48d35a70-100x100.jpeg",100,100,true]},"uagb_author_info":{"display_name":"Nahorniuk Vladyslav","author_link":"https:\/\/home-goods.cz\/author\/"},"uagb_comment_info":0,"uagb_excerpt":"4 kart\u00e1\u010dov\u00e9 n\u00e1stavce | 2 stupn\u011b intenzity | ochrana proti proudu vody IPX6 | provoz na baterie 2x 1,5 V AAA","_links":{"self":[{"href":"https:\/\/home-goods.cz\/wp-json\/wp\/v2\/product\/15820","targetHints":{"allow":["GET"]}}],"collection":[{"href":"https:\/\/home-goods.cz\/wp-json\/wp\/v2\/product"}],"about":[{"href":"https:\/\/home-goods.cz\/wp-json\/wp\/v2\/types\/product"}],"replies":[{"embeddable":true,"href":"https:\/\/home-goods.cz\/wp-json\/wp\/v2\/comments?post=15820"}],"wp:featuredmedia":[{"embeddable":true,"href":"https:\/\/home-goods.cz\/wp-json\/wp\/v2\/media\/15819"}],"wp:attachment":[{"href":"https:\/\/home-goods.cz\/wp-json\/wp\/v2\/media?parent=15820"}],"wp:term":[{"taxonomy":"product_brand","embeddable":true,"href":"https:\/\/home-goods.cz\/wp-json\/wp\/v2\/product_brand?post=15820"},{"taxonomy":"product_cat","embeddable":true,"href":"https:\/\/home-goods.cz\/wp-json\/wp\/v2\/product_cat?post=15820"},{"taxonomy":"product_tag","embeddable":true,"href":"https:\/\/home-goods.cz\/wp-json\/wp\/v2\/product_tag?post=15820"}],"curies":[{"name":"wp","href":"https:\/\/api.w.org\/{rel}","templated":true}]}}