{"id":15741,"date":"2024-10-11T14:28:19","date_gmt":"2024-10-11T12:28:19","guid":{"rendered":"https:\/\/home-goods.cz\/?product=crivit-bezici-svetlo-dynamo-se-4-led-diodami"},"modified":"2024-10-11T14:28:20","modified_gmt":"2024-10-11T12:28:20","slug":"crivit-bezici-svetlo-dynamo-se-4-led-diodami","status":"publish","type":"product","link":"https:\/\/home-goods.cz\/produkt\/crivit-bezici-svetlo-dynamo-se-4-led-diodami\/","title":{"rendered":"CRIVIT\u00ae b\u011b\u017e\u00edc\u00ed sv\u011btlo dynamo se 4 LED diodami"},"content":{"rendered":"<p>V\u00edce bezpe\u010dnosti p\u0159i b\u011bhu<br \/>\n\u0160etrn\u00e9 k \u017eivotn\u00edmu prost\u0159ed\u00ed &#8211; sv\u00edt\u00ed bez bateri\u00ed<br \/>\nSnadn\u00e9 a jednoduch\u00e9 &#8211; LED diody jsou nap\u00e1jeny b\u011b\u017e\u00edc\u00edm pohybem<br \/>\n4 helle, energeticky \u00fasporn\u00e9 LED diody pro erh\u00f6hte Sichtbarkeit bei Dunkelheit<br \/>\nLze variabiln\u011b p\u0159ipevnit \u2013 elastick\u00fd n\u00e1ramek se such\u00fdm zipem a klipem<br \/>\nOdoln\u00fd proti st\u0159\u00edkaj\u00edc\u00ed vod\u011b (IP44)<br \/>\nFunguje na induk\u010dn\u00edm principu: P\u0159i ka\u017ed\u00e9m kroku se magnet pohybuje vestav\u011bnou c\u00edvkou a vyr\u00e1b\u00ed elekt\u0159inu<\/p>\n","protected":false},"excerpt":{"rendered":"<p>Snadn\u00e9 a jednoduch\u00e9 &#8211; LED diody jsou nap\u00e1jeny b\u011b\u017e\u00edc\u00edm pohybem<\/p>\n","protected":false},"featured_media":15740,"comment_status":"open","ping_status":"closed","template":"","meta":{"_uag_custom_page_level_css":"","site-sidebar-layout":"default","site-content-layout":"","ast-site-content-layout":"","site-content-style":"default","site-sidebar-style":"default","ast-global-header-display":"","ast-banner-title-visibility":"","ast-main-header-display":"","ast-hfb-above-header-display":"","ast-hfb-below-header-display":"","ast-hfb-mobile-header-display":"","site-post-title":"","ast-breadcrumbs-content":"","ast-featured-img":"","footer-sml-layout":"","theme-transparent-header-meta":"","adv-header-id-meta":"","stick-header-meta":"","header-above-stick-meta":"","header-main-stick-meta":"","header-below-stick-meta":"","astra-migrate-meta-layouts":"default","ast-page-background-enabled":"default","ast-page-background-meta":{"desktop":{"background-color":"var(--ast-global-color-4)","background-image":"","background-repeat":"repeat","background-position":"center center","background-size":"auto","background-attachment":"scroll","background-type":"","background-media":"","overlay-type":"","overlay-color":"","overlay-opacity":"","overlay-gradient":""},"tablet":{"background-color":"","background-image":"","background-repeat":"repeat","background-position":"center center","background-size":"auto","background-attachment":"scroll","background-type":"","background-media":"","overlay-type":"","overlay-color":"","overlay-opacity":"","overlay-gradient":""},"mobile":{"background-color":"","background-image":"","background-repeat":"repeat","background-position":"center center","background-size":"auto","background-attachment":"scroll","background-type":"","background-media":"","overlay-type":"","overlay-color":"","overlay-opacity":"","overlay-gradient":""}},"ast-content-background-meta":{"desktop":{"background-color":"var(--ast-global-color-5)","background-image":"","background-repeat":"repeat","background-position":"center center","background-size":"auto","background-attachment":"scroll","background-type":"","background-media":"","overlay-type":"","overlay-color":"","overlay-opacity":"","overlay-gradient":""},"tablet":{"background-color":"var(--ast-global-color-5)","background-image":"","background-repeat":"repeat","background-position":"center center","background-size":"auto","background-attachment":"scroll","background-type":"","background-media":"","overlay-type":"","overlay-color":"","overlay-opacity":"","overlay-gradient":""},"mobile":{"background-color":"var(--ast-global-color-5)","background-image":"","background-repeat":"repeat","background-position":"center center","background-size":"auto","background-attachment":"scroll","background-type":"","background-media":"","overlay-type":"","overlay-color":"","overlay-opacity":"","overlay-gradient":""}}},"product_brand":[],"product_cat":[79],"product_tag":[],"class_list":{"0":"post-15741","1":"product","2":"type-product","3":"status-publish","4":"has-post-thumbnail","6":"product_cat-sport-a-hobby","7":"desktop-align-left","8":"tablet-align-left","9":"mobile-align-left","11":"first","12":"instock","13":"shipping-taxable","14":"purchasable","15":"product-type-simple"},"uagb_featured_image_src":{"full":["https:\/\/home-goods.cz\/wp-content\/uploads\/2024\/10\/crivit-lauflicht-dynamo-mit-4-leds.jpeg",1500,1125,false],"thumbnail":["https:\/\/home-goods.cz\/wp-content\/uploads\/2024\/10\/crivit-lauflicht-dynamo-mit-4-leds.jpeg",150,113,false],"medium":["https:\/\/home-goods.cz\/wp-content\/uploads\/2024\/10\/crivit-lauflicht-dynamo-mit-4-leds.jpeg",400,300,false],"medium_large":["https:\/\/home-goods.cz\/wp-content\/uploads\/2024\/10\/crivit-lauflicht-dynamo-mit-4-leds.jpeg",768,576,false],"large":["https:\/\/home-goods.cz\/wp-content\/uploads\/2024\/10\/crivit-lauflicht-dynamo-mit-4-leds.jpeg",1067,800,false],"1536x1536":["https:\/\/home-goods.cz\/wp-content\/uploads\/2024\/10\/crivit-lauflicht-dynamo-mit-4-leds.jpeg",1500,1125,false],"2048x2048":["https:\/\/home-goods.cz\/wp-content\/uploads\/2024\/10\/crivit-lauflicht-dynamo-mit-4-leds.jpeg",1500,1125,false],"woocommerce_thumbnail":["https:\/\/home-goods.cz\/wp-content\/uploads\/2024\/10\/crivit-lauflicht-dynamo-mit-4-leds-600x450.jpeg",600,450,true],"woocommerce_single":["https:\/\/home-goods.cz\/wp-content\/uploads\/2024\/10\/crivit-lauflicht-dynamo-mit-4-leds-700x525.jpeg",700,525,true],"woocommerce_gallery_thumbnail":["https:\/\/home-goods.cz\/wp-content\/uploads\/2024\/10\/crivit-lauflicht-dynamo-mit-4-leds-100x100.jpeg",100,100,true]},"uagb_author_info":{"display_name":"Nahorniuk Vladyslav","author_link":"https:\/\/home-goods.cz\/author\/"},"uagb_comment_info":0,"uagb_excerpt":"Snadn\u00e9 a jednoduch\u00e9 - LED diody jsou nap\u00e1jeny b\u011b\u017e\u00edc\u00edm pohybem","_links":{"self":[{"href":"https:\/\/home-goods.cz\/wp-json\/wp\/v2\/product\/15741","targetHints":{"allow":["GET"]}}],"collection":[{"href":"https:\/\/home-goods.cz\/wp-json\/wp\/v2\/product"}],"about":[{"href":"https:\/\/home-goods.cz\/wp-json\/wp\/v2\/types\/product"}],"replies":[{"embeddable":true,"href":"https:\/\/home-goods.cz\/wp-json\/wp\/v2\/comments?post=15741"}],"wp:featuredmedia":[{"embeddable":true,"href":"https:\/\/home-goods.cz\/wp-json\/wp\/v2\/media\/15740"}],"wp:attachment":[{"href":"https:\/\/home-goods.cz\/wp-json\/wp\/v2\/media?parent=15741"}],"wp:term":[{"taxonomy":"product_brand","embeddable":true,"href":"https:\/\/home-goods.cz\/wp-json\/wp\/v2\/product_brand?post=15741"},{"taxonomy":"product_cat","embeddable":true,"href":"https:\/\/home-goods.cz\/wp-json\/wp\/v2\/product_cat?post=15741"},{"taxonomy":"product_tag","embeddable":true,"href":"https:\/\/home-goods.cz\/wp-json\/wp\/v2\/product_tag?post=15741"}],"curies":[{"name":"wp","href":"https:\/\/api.w.org\/{rel}","templated":true}]}}